CRAN Package Check Results for Package spnet

Last updated on 2022-08-12 07:53:27 CEST.

Flavor Version Tinstall Tcheck Ttotal Status Flags
r-devel-linux-x86_64-debian-clang 0.9.1-0 11.00 67.88 78.88 OK
r-devel-linux-x86_64-debian-gcc 0.9.1-0 7.74 51.78 59.52 OK
r-devel-linux-x86_64-fedora-clang 0.9.1-0 103.33 NOTE
r-devel-linux-x86_64-fedora-gcc 0.9.1-0 101.27 NOTE
r-devel-windows-x86_64 0.9.1-0 80.00 89.00 169.00 OK
r-patched-linux-x86_64 0.9.1-0 10.93 64.04 74.97 OK
r-release-linux-x86_64 0.9.1-0 10.11 64.07 74.18 OK
r-release-macos-arm64 0.9.1-0 29.00 NOTE
r-release-macos-x86_64 0.9.1-0 40.00 NOTE
r-release-windows-x86_64 0.9.1-0 80.00 90.00 170.00 OK
r-oldrel-macos-arm64 0.9.1-0 32.00 NOTE
r-oldrel-macos-x86_64 0.9.1-0 55.00 NOTE
r-oldrel-windows-ix86+x86_64 0.9.1-0 21.00 84.00 105.00 OK

Check Details

Version: 0.9.1-0
Check: data for non-ASCII characters
Result: NOTE
     Note: found 1 marked UTF-8 string
Flavors: r-devel-linux-x86_64-fedora-clang, r-devel-linux-x86_64-fedora-gcc, r-release-macos-arm64, r-release-macos-x86_64, r-oldrel-macos-arm64, r-oldrel-macos-x86_64