CRAN Package Check Results for Package spm

Last updated on 2022-01-28 06:53:36 CET.

Flavor Version Tinstall Tcheck Ttotal Status Flags
r-devel-linux-x86_64-debian-clang 1.2.1 7.63 52.80 60.43 OK
r-devel-linux-x86_64-debian-gcc 1.2.1 6.13 40.93 47.06 OK
r-devel-linux-x86_64-fedora-clang 1.2.1 78.81 NOTE
r-devel-linux-x86_64-fedora-gcc 1.2.1 62.90 NOTE
r-devel-windows-x86_64-new-UL 1.2.1 45.00 77.00 122.00 OK
r-devel-windows-x86_64-new-TK 1.2.1 NOTE
r-patched-linux-x86_64 1.2.1 8.47 49.74 58.21 OK
r-release-linux-x86_64 1.2.1 5.72 48.87 54.59 OK
r-release-macos-arm64 1.2.1 NOTE
r-release-macos-x86_64 1.2.1 NOTE
r-release-windows-ix86+x86_64 1.2.1 16.00 64.00 80.00 OK
r-oldrel-macos-x86_64 1.2.1 NOTE
r-oldrel-windows-ix86+x86_64 1.2.1 16.00 71.00 87.00 OK

Check Details

Version: 1.2.1
Check: dependencies in R code
Result: NOTE
    Namespace in Imports field not imported from: ‘biomod2’
     All declared Imports should be used.
Flavors: r-devel-linux-x86_64-fedora-clang, r-devel-linux-x86_64-fedora-gcc, r-devel-windows-x86_64-new-TK, r-release-macos-arm64, r-release-macos-x86_64, r-oldrel-macos-x86_64

Version: 1.2.1
Check: installed package size
Result: NOTE
     installed size is 5.1Mb
     sub-directories of 1Mb or more:
     data 4.7Mb
Flavor: r-release-macos-arm64