CRAN Package Check Results for Package spemd

Last updated on 2022-08-12 07:53:27 CEST.

Flavor Version Tinstall Tcheck Ttotal Status Flags
r-devel-linux-x86_64-debian-clang 0.1-1 31.06 287.50 318.56 NOTE
r-devel-linux-x86_64-debian-gcc 0.1-1 25.60 209.95 235.55 NOTE
r-devel-linux-x86_64-fedora-clang 0.1-1 409.91 NOTE
r-devel-linux-x86_64-fedora-gcc 0.1-1 396.93 NOTE
r-devel-windows-x86_64 0.1-1 28.00 273.00 301.00 NOTE
r-patched-linux-x86_64 0.1-1 25.12 275.60 300.72 NOTE
r-release-linux-x86_64 0.1-1 31.17 272.23 303.40 NOTE
r-release-macos-arm64 0.1-1 90.00 NOTE
r-release-macos-x86_64 0.1-1 112.00 NOTE
r-release-windows-x86_64 0.1-1 28.00 276.00 304.00 NOTE
r-oldrel-macos-arm64 0.1-1 61.00 NOTE
r-oldrel-macos-x86_64 0.1-1 96.00 NOTE
r-oldrel-windows-ix86+x86_64 0.1-1 68.00 278.00 346.00 NOTE

Check Details

Version: 0.1-1
Check: LazyData
Result: NOTE
     'LazyData' is specified without a 'data' directory
Flavors: r-devel-linux-x86_64-debian-clang, r-devel-linux-x86_64-debian-gcc, r-devel-linux-x86_64-fedora-clang, r-devel-linux-x86_64-fedora-gcc, r-devel-windows-x86_64, r-patched-linux-x86_64, r-release-linux-x86_64, r-release-macos-arm64, r-release-macos-x86_64, r-release-windows-x86_64, r-oldrel-macos-arm64, r-oldrel-macos-x86_64, r-oldrel-windows-ix86+x86_64

Version: 0.1-1
Check: for non-standard things in the check directory
Result: NOTE
    Found the following files/directories:
     '.neig'
Flavors: r-devel-linux-x86_64-debian-clang, r-devel-linux-x86_64-debian-gcc, r-devel-linux-x86_64-fedora-clang, r-devel-linux-x86_64-fedora-gcc, r-patched-linux-x86_64, r-release-linux-x86_64