CRAN Package Check Results for Package spelling

Last updated on 2022-05-18 07:49:10 CEST.

Flavor Version Tinstall Tcheck Ttotal Status Flags
r-devel-linux-x86_64-debian-clang 2.2 2.82 33.27 36.09 NOTE
r-devel-linux-x86_64-debian-gcc 2.2 2.08 25.80 27.88 NOTE
r-devel-linux-x86_64-fedora-clang 2.2 45.36 NOTE
r-devel-linux-x86_64-fedora-gcc 2.2 42.45 NOTE
r-devel-windows-x86_64 2.2 19.00 59.00 78.00 NOTE
r-patched-linux-x86_64 2.2 2.56 31.53 34.09 NOTE
r-release-linux-x86_64 2.2 2.67 31.20 33.87 NOTE
r-release-macos-arm64 2.2 18.00 NOTE
r-release-macos-x86_64 2.2 22.00 NOTE
r-release-windows-x86_64 2.2 24.00 50.00 74.00 NOTE
r-oldrel-macos-arm64 2.2 19.00 NOTE
r-oldrel-macos-x86_64 2.2 29.00 NOTE
r-oldrel-windows-ix86+x86_64 2.2 6.00 43.00 49.00 NOTE

Check Details

Version: 2.2
Check: LazyData
Result: NOTE
     'LazyData' is specified without a 'data' directory
Flavors: r-devel-linux-x86_64-debian-clang, r-devel-linux-x86_64-debian-gcc, r-devel-linux-x86_64-fedora-clang, r-devel-linux-x86_64-fedora-gcc, r-devel-windows-x86_64, r-patched-linux-x86_64, r-release-linux-x86_64, r-release-macos-arm64, r-release-macos-x86_64, r-release-windows-x86_64, r-oldrel-macos-arm64, r-oldrel-macos-x86_64, r-oldrel-windows-ix86+x86_64