Last updated on 2022-07-03 07:52:06 CEST.
Flavor | Version | Tinstall | Tcheck | Ttotal | Status | Flags |
---|---|---|---|---|---|---|
r-devel-linux-x86_64-debian-clang | 0.2.3 | 62.54 | 84.64 | 147.18 | OK | |
r-devel-linux-x86_64-debian-gcc | 0.2.3 | 43.73 | 64.22 | 107.95 | OK | |
r-devel-linux-x86_64-fedora-clang | 0.2.3 | 214.32 | NOTE | |||
r-devel-linux-x86_64-fedora-gcc | 0.2.3 | 199.09 | OK | |||
r-devel-windows-x86_64 | 0.2.3 | 202.00 | 133.00 | 335.00 | OK | |
r-patched-linux-x86_64 | 0.2.3 | 55.06 | 81.08 | 136.14 | OK | |
r-release-linux-x86_64 | 0.2.3 | 49.85 | 81.36 | 131.21 | OK | |
r-release-macos-arm64 | 0.2.3 | 52.00 | NOTE | |||
r-release-macos-x86_64 | 0.2.3 | 76.00 | NOTE | |||
r-release-windows-x86_64 | 0.2.3 | 194.00 | 141.00 | 335.00 | OK | |
r-oldrel-macos-arm64 | 0.2.3 | 47.00 | NOTE | |||
r-oldrel-macos-x86_64 | 0.2.3 | 71.00 | NOTE | |||
r-oldrel-windows-ix86+x86_64 | 0.2.3 | 152.00 | 163.00 | 315.00 | NOTE |
Version: 0.2.3
Check: installed package size
Result: NOTE
installed size is 6.2Mb
sub-directories of 1Mb or more:
doc 3.1Mb
libs 2.7Mb
Flavors: r-devel-linux-x86_64-fedora-clang, r-release-macos-arm64, r-release-macos-x86_64, r-oldrel-macos-arm64, r-oldrel-macos-x86_64, r-oldrel-windows-ix86+x86_64