CRAN Package Check Results for Package specmine

Last updated on 2022-01-17 06:53:31 CET.

Flavor Version Tinstall Tcheck Ttotal Status Flags
r-devel-linux-x86_64-debian-clang 3.1.6 89.20 249.75 338.95 NOTE
r-devel-linux-x86_64-debian-gcc 3.1.6 84.65 187.00 271.65 NOTE
r-devel-linux-x86_64-fedora-clang 3.1.6 430.69 NOTE
r-devel-linux-x86_64-fedora-gcc 3.1.6 436.03 NOTE
r-devel-windows-x86_64-new-UL 3.1.6 304.00 331.00 635.00 NOTE
r-devel-windows-x86_64-new-TK 3.1.6 NOTE
r-patched-linux-x86_64 3.1.6 90.63 232.91 323.54 NOTE
r-release-linux-x86_64 3.1.6 NOTE
r-release-macos-arm64 3.1.6 NOTE
r-release-macos-x86_64 3.1.6 NOTE
r-release-windows-ix86+x86_64 3.1.6 163.00 314.00 477.00 NOTE
r-oldrel-macos-x86_64 3.1.6 NOTE
r-oldrel-windows-ix86+x86_64 3.1.6 162.00 320.00 482.00 NOTE

Check Details

Version: 3.1.6
Check: package dependencies
Result: NOTE
    Package suggested but not available for checking: 'rcytoscapejs'
Flavors: r-devel-linux-x86_64-debian-clang, r-devel-linux-x86_64-debian-gcc, r-devel-linux-x86_64-fedora-gcc, r-devel-windows-x86_64-new-UL, r-devel-windows-x86_64-new-TK, r-patched-linux-x86_64, r-release-linux-x86_64, r-release-macos-arm64, r-release-windows-ix86+x86_64, r-oldrel-windows-ix86+x86_64

Version: 3.1.6
Check: package dependencies
Result: NOTE
    Package suggested but not available for checking: ‘rcytoscapejs’
    
    Imports includes 21 non-default packages.
    Importing from so many packages makes the package vulnerable to any of
    them becoming unavailable. Move as many as possible to Suggests and
    use conditionally.
Flavor: r-devel-linux-x86_64-fedora-clang

Version: 3.1.6
Check: dependencies in R code
Result: NOTE
    Namespaces in Imports field not imported from:
     ‘e1071’ ‘specmine.datasets’
     All declared Imports should be used.
Flavors: r-devel-linux-x86_64-fedora-clang, r-devel-linux-x86_64-fedora-gcc, r-devel-windows-x86_64-new-TK, r-release-macos-arm64, r-release-macos-x86_64, r-oldrel-macos-x86_64

Version: 3.1.6
Check: Rd cross-references
Result: NOTE
    Undeclared package ‘hyperSpec’ in Rd xrefs
Flavor: r-devel-linux-x86_64-fedora-clang

Version: 3.1.6
Check: package dependencies
Result: NOTE
    Packages suggested but not available for checking:
     'MAIT', 'KEGGgraph', 'rcytoscapejs'
Flavor: r-release-macos-x86_64

Version: 3.1.6
Check: package dependencies
Result: NOTE
    Packages suggested but not available for checking:
     'MAIT', 'KEGGgraph', 'KEGGREST', 'rcytoscapejs'
Flavor: r-oldrel-macos-x86_64