CRAN Package Check Results for Package spdep

Last updated on 2022-07-05 07:51:07 CEST.

Flavor Version Tinstall Tcheck Ttotal Status Flags
r-devel-linux-x86_64-debian-clang 1.2-4 45.94 477.47 523.41 OK
r-devel-linux-x86_64-debian-gcc 1.2-4 39.46 355.30 394.76 OK
r-devel-linux-x86_64-fedora-clang 1.2-4 604.11 NOTE
r-devel-linux-x86_64-fedora-gcc 1.2-4 612.98 OK
r-devel-windows-x86_64 1.2-4 74.00 544.00 618.00 NOTE
r-patched-linux-x86_64 1.2-4 46.66 457.92 504.58 OK
r-release-linux-x86_64 1.2-4 46.29 449.22 495.51 OK
r-release-macos-arm64 1.2-4 168.00 NOTE
r-release-macos-x86_64 1.2-4 206.00 NOTE
r-release-windows-x86_64 1.2-4 129.00 539.00 668.00 NOTE
r-oldrel-macos-arm64 1.2-4 138.00 NOTE
r-oldrel-macos-x86_64 1.2-4 229.00 NOTE
r-oldrel-windows-ix86+x86_64 1.2-4 105.00 783.00 888.00 NOTE

Check Details

Version: 1.2-4
Check: installed package size
Result: NOTE
     installed size is 8.6Mb
     sub-directories of 1Mb or more:
     doc 5.8Mb
     etc 1.4Mb
Flavors: r-devel-linux-x86_64-fedora-clang, r-devel-windows-x86_64, r-release-macos-arm64, r-release-macos-x86_64, r-release-windows-x86_64, r-oldrel-macos-arm64, r-oldrel-macos-x86_64, r-oldrel-windows-ix86+x86_64