Last updated on 2022-07-06 07:49:10 CEST.
Flavor | Version | Tinstall | Tcheck | Ttotal | Status | Flags |
---|---|---|---|---|---|---|
r-devel-linux-x86_64-debian-clang | 2.2-0 | 30.06 | 163.32 | 193.38 | NOTE | |
r-devel-linux-x86_64-debian-gcc | 2.2-0 | 30.69 | 120.52 | 151.21 | NOTE | |
r-devel-linux-x86_64-fedora-clang | 2.2-0 | 239.65 | NOTE | |||
r-devel-linux-x86_64-fedora-gcc | 2.2-0 | 243.69 | NOTE | |||
r-devel-windows-x86_64 | 2.2-0 | 200.00 | 195.00 | 395.00 | OK | |
r-patched-linux-x86_64 | 2.2-0 | 41.03 | 154.50 | 195.53 | NOTE | |
r-release-linux-x86_64 | 2.2-0 | 34.17 | 150.29 | 184.46 | NOTE | |
r-release-macos-arm64 | 2.2-0 | 64.00 | OK | |||
r-release-macos-x86_64 | 2.2-0 | 90.00 | OK | |||
r-release-windows-x86_64 | 2.2-0 | 135.00 | 201.00 | 336.00 | OK | |
r-oldrel-macos-arm64 | 2.2-0 | 56.00 | OK | |||
r-oldrel-macos-x86_64 | 2.2-0 | 100.00 | OK | |||
r-oldrel-windows-ix86+x86_64 | 2.2-0 | 83.00 | 280.00 | 363.00 | OK |
Version: 2.2-0
Check: package dependencies
Result: NOTE
Package suggested but not available for checking: 'RandomFields'
Flavors: r-devel-linux-x86_64-debian-clang, r-devel-linux-x86_64-debian-gcc, r-devel-linux-x86_64-fedora-clang, r-devel-linux-x86_64-fedora-gcc, r-patched-linux-x86_64, r-release-linux-x86_64
Version: 2.2-0
Check: Rd cross-references
Result: NOTE
Unknown package 'RandomFields' in Rd xrefs
Flavors: r-devel-linux-x86_64-debian-clang, r-devel-linux-x86_64-debian-gcc, r-devel-linux-x86_64-fedora-clang, r-devel-linux-x86_64-fedora-gcc, r-patched-linux-x86_64, r-release-linux-x86_64