CRAN Package Check Results for Package spatstat.geom

Last updated on 2022-05-16 07:49:14 CEST.

Flavor Version Tinstall Tcheck Ttotal Status Flags
r-devel-linux-x86_64-debian-clang 2.4-0 65.10 397.02 462.12 OK
r-devel-linux-x86_64-debian-gcc 2.4-0 56.49 292.09 348.58 OK
r-devel-linux-x86_64-fedora-clang 2.4-0 551.42 OK
r-devel-linux-x86_64-fedora-gcc 2.4-0 513.69 OK
r-devel-windows-x86_64 2.4-0 765.00 499.00 1264.00 OK
r-patched-linux-x86_64 2.4-0 83.36 353.18 436.54 OK
r-release-linux-x86_64 2.4-0 65.99 354.01 420.00 OK
r-release-macos-arm64 2.4-0 141.00 NOTE
r-release-macos-x86_64 2.4-0 177.00 OK
r-release-windows-x86_64 2.4-0 647.00 479.00 1126.00 OK
r-oldrel-macos-arm64 2.4-0 115.00 NOTE
r-oldrel-macos-x86_64 2.4-0 188.00 OK
r-oldrel-windows-ix86+x86_64 2.4-0 141.00 656.00 797.00 OK

Check Details

Version: 2.4-0
Check: installed package size
Result: NOTE
     installed size is 6.0Mb
     sub-directories of 1Mb or more:
     R 2.1Mb
     help 2.8Mb
Flavors: r-release-macos-arm64, r-oldrel-macos-arm64