Last updated on 2022-07-06 07:49:10 CEST.
Flavor | Version | Tinstall | Tcheck | Ttotal | Status | Flags |
---|---|---|---|---|---|---|
r-devel-linux-x86_64-debian-clang | 2.2-0 | 10.94 | 86.93 | 97.87 | NOTE | |
r-devel-linux-x86_64-debian-gcc | 2.2-0 | 8.74 | 65.44 | 74.18 | NOTE | |
r-devel-linux-x86_64-fedora-clang | 2.2-0 | 122.71 | NOTE | |||
r-devel-linux-x86_64-fedora-gcc | 2.2-0 | 124.27 | NOTE | |||
r-devel-windows-x86_64 | 2.2-0 | 128.00 | 118.00 | 246.00 | NOTE | |
r-patched-linux-x86_64 | 2.2-0 | 11.12 | 80.81 | 91.93 | OK | |
r-release-linux-x86_64 | 2.2-0 | 10.51 | 80.42 | 90.93 | OK | |
r-release-macos-arm64 | 2.2-0 | 34.00 | OK | |||
r-release-macos-x86_64 | 2.2-0 | 54.00 | OK | |||
r-release-windows-x86_64 | 2.2-0 | 128.00 | 124.00 | 252.00 | OK | |
r-oldrel-macos-arm64 | 2.2-0 | 31.00 | OK | |||
r-oldrel-macos-x86_64 | 2.2-0 | 59.00 | OK | |||
r-oldrel-windows-ix86+x86_64 | 2.2-0 | 22.00 | 109.00 | 131.00 | OK |
Version: 2.2-0
Check: Rd files
Result: NOTE
checkRd: (-1) ants.Rd:12: Escaped LaTeX specials: \&
checkRd: (-1) ants.Rd:26: Escaped LaTeX specials: \&
checkRd: (-1) ants.Rd:36: Escaped LaTeX specials: \& \&
checkRd: (-1) ants.Rd:38: Escaped LaTeX specials: \&
checkRd: (-1) ants.Rd:40: Escaped LaTeX specials: \&
checkRd: (-1) ants.Rd:55: Escaped LaTeX specials: \&
checkRd: (-1) ants.Rd:124: Escaped LaTeX specials: \&
Flavors: r-devel-linux-x86_64-debian-clang, r-devel-linux-x86_64-debian-gcc, r-devel-linux-x86_64-fedora-clang, r-devel-linux-x86_64-fedora-gcc, r-devel-windows-x86_64