Last updated on 2022-05-17 07:53:17 CEST.
Flavor | Version | Tinstall | Tcheck | Ttotal | Status | Flags |
---|---|---|---|---|---|---|
r-devel-linux-x86_64-debian-clang | 0.1.0 | 6.32 | 75.20 | 81.52 | NOTE | |
r-devel-linux-x86_64-debian-gcc | 0.1.0 | 4.14 | 56.54 | 60.68 | NOTE | |
r-devel-linux-x86_64-fedora-clang | 0.1.0 | 96.00 | NOTE | |||
r-devel-linux-x86_64-fedora-gcc | 0.1.0 | 91.28 | NOTE | |||
r-devel-windows-x86_64 | 0.1.0 | 33.00 | 92.00 | 125.00 | NOTE | |
r-patched-linux-x86_64 | 0.1.0 | 5.24 | 70.80 | 76.04 | NOTE | |
r-release-linux-x86_64 | 0.1.0 | 4.93 | 70.37 | 75.30 | NOTE | |
r-release-macos-arm64 | 0.1.0 | 28.00 | NOTE | |||
r-release-macos-x86_64 | 0.1.0 | 52.00 | NOTE | |||
r-release-windows-x86_64 | 0.1.0 | 43.00 | 90.00 | 133.00 | NOTE | |
r-oldrel-macos-arm64 | 0.1.0 | 37.00 | NOTE | |||
r-oldrel-macos-x86_64 | 0.1.0 | 55.00 | NOTE | |||
r-oldrel-windows-ix86+x86_64 | 0.1.0 | 16.00 | 87.00 | 103.00 | NOTE |
Version: 0.1.0
Check: LazyData
Result: NOTE
'LazyData' is specified without a 'data' directory
Flavors: r-devel-linux-x86_64-debian-clang, r-devel-linux-x86_64-debian-gcc, r-devel-linux-x86_64-fedora-clang, r-devel-linux-x86_64-fedora-gcc, r-devel-windows-x86_64, r-patched-linux-x86_64, r-release-linux-x86_64, r-release-macos-arm64, r-release-macos-x86_64, r-release-windows-x86_64, r-oldrel-macos-arm64, r-oldrel-macos-x86_64, r-oldrel-windows-ix86+x86_64