Last updated on 2022-07-06 07:49:10 CEST.
Flavor | Version | Tinstall | Tcheck | Ttotal | Status | Flags |
---|---|---|---|---|---|---|
r-devel-linux-x86_64-debian-clang | 0.7.0 | 54.93 | 363.26 | 418.19 | OK | |
r-devel-linux-x86_64-debian-gcc | 0.7.0 | 44.93 | 260.46 | 305.39 | OK | |
r-devel-linux-x86_64-fedora-clang | 0.7.0 | 496.31 | NOTE | |||
r-devel-linux-x86_64-fedora-gcc | 0.7.0 | 499.15 | NOTE | |||
r-devel-windows-x86_64 | 0.7.0 | 77.00 | 369.00 | 446.00 | NOTE | |
r-patched-linux-x86_64 | 0.7.0 | 46.88 | 344.55 | 391.43 | OK | |
r-release-linux-x86_64 | 0.7.0 | 41.59 | 341.88 | 383.47 | OK | |
r-release-macos-arm64 | 0.7.0 | 134.00 | NOTE | |||
r-release-macos-x86_64 | 0.7.0 | 225.00 | NOTE | |||
r-release-windows-x86_64 | 0.7.0 | 56.00 | 384.00 | 440.00 | NOTE | |
r-oldrel-macos-arm64 | 0.7.0 | 131.00 | NOTE | |||
r-oldrel-macos-x86_64 | 0.7.0 | 173.00 | NOTE | |||
r-oldrel-windows-ix86+x86_64 | 0.7.0 | 130.00 | 534.00 | 664.00 | NOTE |
Version: 0.7.0
Check: installed package size
Result: NOTE
installed size is 5.3Mb
sub-directories of 1Mb or more:
data 2.6Mb
help 1.7Mb
Flavors: r-devel-linux-x86_64-fedora-clang, r-devel-windows-x86_64, r-release-macos-arm64, r-release-macos-x86_64, r-release-windows-x86_64, r-oldrel-macos-arm64, r-oldrel-macos-x86_64, r-oldrel-windows-ix86+x86_64
Version: 0.7.0
Check: data for non-ASCII characters
Result: NOTE
Note: found 283 marked UTF-8 strings
Flavors: r-devel-linux-x86_64-fedora-clang, r-devel-linux-x86_64-fedora-gcc, r-release-macos-arm64, r-release-macos-x86_64, r-oldrel-macos-arm64, r-oldrel-macos-x86_64