Last updated on 2022-07-03 07:52:06 CEST.
Flavor | Version | Tinstall | Tcheck | Ttotal | Status | Flags |
---|---|---|---|---|---|---|
r-devel-linux-x86_64-debian-clang | 1.0 | 37.76 | 355.19 | 392.95 | NOTE | |
r-devel-linux-x86_64-debian-gcc | 1.0 | 30.78 | 262.18 | 292.96 | NOTE | |
r-devel-linux-x86_64-fedora-clang | 1.0 | 466.83 | WARN | |||
r-devel-linux-x86_64-fedora-gcc | 1.0 | 468.10 | WARN | |||
r-devel-windows-x86_64 | 1.0 | 51.00 | 344.00 | 395.00 | NOTE | |
r-patched-linux-x86_64 | 1.0 | 32.75 | 342.15 | 374.90 | OK | |
r-release-linux-x86_64 | 1.0 | 38.10 | 343.44 | 381.54 | OK | |
r-release-macos-arm64 | 1.0 | 107.00 | OK | |||
r-release-macos-x86_64 | 1.0 | 148.00 | OK | |||
r-release-windows-x86_64 | 1.0 | 62.00 | 352.00 | 414.00 | OK | |
r-oldrel-macos-arm64 | 1.0 | 102.00 | OK | |||
r-oldrel-macos-x86_64 | 1.0 | 154.00 | OK | |||
r-oldrel-windows-ix86+x86_64 | 1.0 | 84.00 | 332.00 | 416.00 | OK |
Version: 1.0
Check: Rd files
Result: NOTE
checkRd: (-1) sarorderedprobit.Rd:84: Escaped LaTeX specials: \#
Flavors: r-devel-linux-x86_64-debian-clang, r-devel-linux-x86_64-debian-gcc, r-devel-linux-x86_64-fedora-clang, r-devel-linux-x86_64-fedora-gcc, r-devel-windows-x86_64
Version: 1.0
Check: package dependencies
Result: WARN
Requires (indirectly) orphaned package: ‘gtools’
Flavors: r-devel-linux-x86_64-fedora-clang, r-devel-linux-x86_64-fedora-gcc