Last updated on 2022-05-18 07:49:09 CEST.
Flavor | Version | Tinstall | Tcheck | Ttotal | Status | Flags |
---|---|---|---|---|---|---|
r-devel-linux-x86_64-debian-clang | 1.2.0 | 6.82 | 374.85 | 381.67 | OK | |
r-devel-linux-x86_64-debian-gcc | 1.2.0 | 6.64 | 286.92 | 293.56 | OK | |
r-devel-linux-x86_64-fedora-clang | 1.2.0 | 465.01 | NOTE | |||
r-devel-linux-x86_64-fedora-gcc | 1.2.0 | 437.56 | NOTE | |||
r-devel-windows-x86_64 | 1.2.0 | 24.00 | 422.00 | 446.00 | OK | |
r-patched-linux-x86_64 | 1.2.0 | 6.21 | 353.30 | 359.51 | OK | |
r-release-linux-x86_64 | 1.2.0 | 6.96 | 361.31 | 368.27 | OK | |
r-release-macos-arm64 | 1.2.0 | 116.00 | NOTE | |||
r-release-macos-x86_64 | 1.2.0 | 272.00 | NOTE | |||
r-release-windows-x86_64 | 1.2.0 | 34.00 | 413.00 | 447.00 | OK | |
r-oldrel-macos-arm64 | 1.2.0 | 107.00 | NOTE | |||
r-oldrel-macos-x86_64 | 1.2.0 | 176.00 | NOTE | |||
r-oldrel-windows-ix86+x86_64 | 1.2.0 | 15.00 | 448.00 | 463.00 | OK |
Version: 1.2.0
Check: dependencies in R code
Result: NOTE
Namespaces in Imports field not imported from:
‘ggpubr’ ‘pheatmap’ ‘rlist’ ‘stats’ ‘viridis’
All declared Imports should be used.
Flavors: r-devel-linux-x86_64-fedora-clang, r-devel-linux-x86_64-fedora-gcc, r-release-macos-arm64, r-release-macos-x86_64, r-oldrel-macos-arm64, r-oldrel-macos-x86_64