CRAN Package Check Results for Package spathial

Last updated on 2022-08-14 07:54:50 CEST.

Flavor Version Tinstall Tcheck Ttotal Status Flags
r-devel-linux-x86_64-debian-clang 0.1.2 3.23 134.92 138.15 NOTE
r-devel-linux-x86_64-debian-gcc 0.1.2 2.56 100.55 103.11 NOTE
r-devel-linux-x86_64-fedora-clang 0.1.2 170.42 NOTE
r-devel-linux-x86_64-fedora-gcc 0.1.2 169.85 NOTE
r-devel-windows-x86_64 0.1.2 13.00 165.00 178.00 NOTE
r-patched-linux-x86_64 0.1.2 2.29 129.84 132.13 NOTE
r-release-linux-x86_64 0.1.2 2.36 130.44 132.80 NOTE
r-release-macos-arm64 0.1.2 73.00 NOTE
r-release-macos-x86_64 0.1.2 54.00 ERROR
r-release-windows-x86_64 0.1.2 18.00 167.00 185.00 NOTE
r-oldrel-macos-arm64 0.1.2 75.00 NOTE
r-oldrel-macos-x86_64 0.1.2 139.00 NOTE
r-oldrel-windows-ix86+x86_64 0.1.2 7.00 176.00 183.00 NOTE

Check Details

Version: 0.1.2
Check: LazyData
Result: NOTE
     'LazyData' is specified without a 'data' directory
Flavors: r-devel-linux-x86_64-debian-clang, r-devel-linux-x86_64-debian-gcc, r-devel-linux-x86_64-fedora-clang, r-devel-linux-x86_64-fedora-gcc, r-devel-windows-x86_64, r-patched-linux-x86_64, r-release-linux-x86_64, r-release-macos-arm64, r-release-macos-x86_64, r-release-windows-x86_64, r-oldrel-macos-arm64, r-oldrel-macos-x86_64, r-oldrel-windows-ix86+x86_64

Version: 0.1.2
Check: dependencies in R code
Result: NOTE
    Namespaces in Imports field not imported from:
     ‘irlba’ ‘knitr’ ‘rmarkdown’
     All declared Imports should be used.
Flavors: r-devel-linux-x86_64-fedora-clang, r-devel-linux-x86_64-fedora-gcc, r-release-macos-arm64, r-release-macos-x86_64, r-oldrel-macos-arm64, r-oldrel-macos-x86_64

Version: 0.1.2
Check: re-building of vignette outputs
Result: ERROR
    Error(s) in re-building vignettes:
     ...
    --- re-building ‘vignette.rmd’ using rmarkdown
    
    Execution halted
    
    * checking PDF version of manual ...* using check arguments '--no-clean-on-error '
Flavor: r-release-macos-x86_64