Last updated on 2022-07-05 07:51:07 CEST.
Flavor | Version | Tinstall | Tcheck | Ttotal | Status | Flags |
---|---|---|---|---|---|---|
r-devel-linux-x86_64-debian-clang | 1.7.7 | 34.64 | 190.49 | 225.13 | OK | |
r-devel-linux-x86_64-debian-gcc | 1.7.7 | 29.30 | 137.53 | 166.83 | OK | |
r-devel-linux-x86_64-fedora-clang | 1.7.7 | 278.18 | NOTE | |||
r-devel-linux-x86_64-fedora-gcc | 1.7.7 | 280.12 | OK | |||
r-devel-windows-x86_64 | 1.7.7 | 500.00 | 213.00 | 713.00 | NOTE | |
r-patched-linux-x86_64 | 1.7.7 | 45.67 | 177.73 | 223.40 | OK | |
r-release-linux-x86_64 | 1.7.7 | 34.25 | 174.23 | 208.48 | OK | |
r-release-macos-arm64 | 1.7.7 | 74.00 | NOTE | |||
r-release-macos-x86_64 | 1.7.7 | 95.00 | NOTE | |||
r-release-windows-x86_64 | 1.7.7 | 512.00 | 241.00 | 753.00 | NOTE | |
r-oldrel-macos-arm64 | 1.7.7 | 66.00 | NOTE | |||
r-oldrel-macos-x86_64 | 1.7.7 | 101.00 | NOTE | |||
r-oldrel-windows-ix86+x86_64 | 1.7.7 | 68.00 | 209.00 | 277.00 | NOTE |
Version: 1.7.7
Check: package dependencies
Result: NOTE
Imports includes 29 non-default packages.
Importing from so many packages makes the package vulnerable to any of
them becoming unavailable. Move as many as possible to Suggests and
use conditionally.
Flavor: r-devel-linux-x86_64-fedora-clang
Version: 1.7.7
Check: installed package size
Result: NOTE
installed size is 6.3Mb
sub-directories of 1Mb or more:
R 1.6Mb
java 3.4Mb
Flavors: r-devel-linux-x86_64-fedora-clang, r-devel-windows-x86_64, r-release-macos-arm64, r-release-macos-x86_64, r-release-windows-x86_64, r-oldrel-macos-arm64, r-oldrel-macos-x86_64, r-oldrel-windows-ix86+x86_64