CRAN Package Check Results for Package spam

Last updated on 2022-01-20 06:49:33 CET.

Flavor Version Tinstall Tcheck Ttotal Status Flags
r-devel-linux-x86_64-debian-clang 2.8-0 OK
r-devel-linux-x86_64-debian-gcc 2.8-0 25.70 117.39 143.09 OK
r-devel-linux-x86_64-fedora-clang 2.8-0 242.08 OK
r-devel-linux-x86_64-fedora-gcc 2.8-0 215.67 OK
r-devel-windows-x86_64-new-UL 2.8-0 180.00 211.00 391.00 OK
r-devel-windows-x86_64-new-TK 2.8-0 OK
r-patched-linux-x86_64 2.8-0 30.31 152.93 183.24 OK
r-release-linux-x86_64 2.8-0 OK
r-release-macos-arm64 2.8-0 OK
r-release-macos-x86_64 2.8-0 WARN --as-cran
r-release-windows-ix86+x86_64 2.8-0 68.00 253.00 321.00 OK
r-oldrel-macos-x86_64 2.7-0 OK
r-oldrel-windows-ix86+x86_64 2.8-0 68.00 246.00 314.00 OK

Check Details

Version: 2.8-0
Flags: --as-cran
Check: CRAN incoming feasibility
Result: WARN
    Maintainer: ‘Reinhard Furrer <reinhard.furrer@math.uzh.ch>’
    
    Insufficient package version (submitted: 2.8.0, existing: 2.8.0)
    
    Days since last update: 1
Flavor: r-release-macos-x86_64

Version: 2.8-0
Flags: --as-cran
Check: top-level files
Result: NOTE
    Files ‘README.md’ or ‘NEWS.md’ cannot be checked without ‘pandoc’ being installed.
Flavor: r-release-macos-x86_64

Version: 2.8-0
Flags: --as-cran
Check: sizes of PDF files under ‘inst/doc’
Result: NOTE
    Unable to find GhostScript executable to run checks on size reduction
Flavor: r-release-macos-x86_64