Last updated on 2022-05-16 07:49:14 CEST.
Flavor | Version | Tinstall | Tcheck | Ttotal | Status | Flags |
---|---|---|---|---|---|---|
r-devel-linux-x86_64-debian-clang | 1.0 | 17.27 | 152.93 | 170.20 | OK | |
r-devel-linux-x86_64-debian-gcc | 1.0 | 11.81 | 113.04 | 124.85 | OK | |
r-devel-linux-x86_64-fedora-clang | 1.0 | 198.07 | NOTE | |||
r-devel-linux-x86_64-fedora-gcc | 1.0 | 193.76 | NOTE | |||
r-devel-windows-x86_64 | 1.0 | 22.00 | 160.00 | 182.00 | NOTE | |
r-patched-linux-x86_64 | 1.0 | 13.92 | 146.06 | 159.98 | OK | |
r-release-linux-x86_64 | 1.0 | 12.38 | 145.28 | 157.66 | OK | |
r-release-macos-arm64 | 1.0 | 52.00 | NOTE | |||
r-release-macos-x86_64 | 1.0 | 94.00 | NOTE | |||
r-release-windows-x86_64 | 1.0 | 27.00 | 160.00 | 187.00 | NOTE | |
r-oldrel-macos-arm64 | 1.0 | 58.00 | NOTE | |||
r-oldrel-macos-x86_64 | 1.0 | 101.00 | NOTE | |||
r-oldrel-windows-ix86+x86_64 | 1.0 | 34.00 | 160.00 | 194.00 | NOTE |
Version: 1.0
Check: installed package size
Result: NOTE
installed size is 5.9Mb
sub-directories of 1Mb or more:
data 4.3Mb
help 1.6Mb
Flavors: r-devel-linux-x86_64-fedora-clang, r-devel-windows-x86_64, r-release-macos-arm64, r-release-macos-x86_64, r-release-windows-x86_64, r-oldrel-macos-arm64, r-oldrel-macos-x86_64, r-oldrel-windows-ix86+x86_64
Version: 1.0
Check: data for non-ASCII characters
Result: NOTE
Note: found 34 marked UTF-8 strings
Flavors: r-devel-linux-x86_64-fedora-clang, r-devel-linux-x86_64-fedora-gcc, r-release-macos-arm64, r-release-macos-x86_64, r-oldrel-macos-arm64, r-oldrel-macos-x86_64