CRAN Package Check Results for Package soundcorrs

Last updated on 2022-01-27 06:48:48 CET.

Flavor Version Tinstall Tcheck Ttotal Status Flags
r-devel-linux-x86_64-debian-clang 0.4.0 4.11 75.09 79.20 NOTE
r-devel-linux-x86_64-debian-gcc 0.4.0 3.96 53.94 57.90 NOTE
r-devel-linux-x86_64-fedora-clang 0.4.0 93.42 NOTE
r-devel-linux-x86_64-fedora-gcc 0.4.0 84.44 NOTE
r-devel-windows-x86_64-new-UL 0.4.0 105.00 92.00 197.00 NOTE
r-devel-windows-x86_64-new-TK 0.4.0 NOTE
r-patched-linux-x86_64 0.4.0 6.04 70.29 76.33 NOTE
r-release-linux-x86_64 0.4.0 5.18 69.35 74.53 NOTE
r-release-macos-arm64 0.4.0 NOTE
r-release-macos-x86_64 0.4.0 NOTE
r-release-windows-ix86+x86_64 0.4.0 10.00 96.00 106.00 NOTE
r-oldrel-macos-x86_64 0.4.0 OK
r-oldrel-windows-ix86+x86_64 0.4.0 9.00 85.00 94.00 OK

Check Details

Version: 0.4.0
Check: LazyData
Result: NOTE
     'LazyData' is specified without a 'data' directory
Flavors: r-devel-linux-x86_64-debian-clang, r-devel-linux-x86_64-debian-gcc, r-devel-linux-x86_64-fedora-clang, r-devel-linux-x86_64-fedora-gcc, r-devel-windows-x86_64-new-UL, r-devel-windows-x86_64-new-TK, r-patched-linux-x86_64, r-release-linux-x86_64, r-release-macos-arm64, r-release-macos-x86_64, r-release-windows-ix86+x86_64