CRAN Package Check Results for Package sos

Last updated on 2022-08-08 07:51:11 CEST.

Flavor Version Tinstall Tcheck Ttotal Status Flags
r-devel-linux-x86_64-debian-clang 2.1-4 2.28 187.09 189.37 OK
r-devel-linux-x86_64-debian-gcc 2.1-4 2.90 142.75 145.65 OK
r-devel-linux-x86_64-fedora-clang 2.1-4 180.27 OK
r-devel-linux-x86_64-fedora-gcc 2.1-4 172.34 OK
r-devel-windows-x86_64 2.1-4 17.00 353.00 370.00 OK
r-patched-linux-x86_64 2.1-4 4.16 193.65 197.81 OK
r-release-linux-x86_64 2.1-4 OK
r-release-macos-arm64 2.1-4 1266.00 OK
r-release-macos-x86_64 2.1-4 1803.00 NOTE
r-release-windows-x86_64 2.1-4 18.00 598.00 616.00 OK
r-oldrel-macos-arm64 2.1-4 1803.00 NOTE
r-oldrel-macos-x86_64 2.1-4 1802.00 NOTE
r-oldrel-windows-ix86+x86_64 2.1-4 7.00 200.00 207.00 OK

Check Details

Version: 2.1-4
Check: re-building of vignette outputs
Result: NOTE
    Error(s) in re-building vignettes:
     ...
    --- re-building ‘sos.Rnw’ using Sweave
    Loading required package: brew
    
    Attaching package: 'sos'
    
    The following object is masked from 'package:utils':
    
     ?
    
    Warning in readLines(f) :
     incomplete final line found on '/Volumes/Builds/packages/high-sierra-x86_64/Rlib/4.2/cosso/INDEX'
    
    Execution halted
    
    * checking PDF version of manual ...* using check arguments '--no-clean-on-error '
Flavor: r-release-macos-x86_64

Version: 2.1-4
Check: re-building of vignette outputs
Result: NOTE
    Error(s) in re-building vignettes:
     ...
    --- re-building ‘sos.Rnw’ using Sweave
    Loading required package: brew
    
    Attaching package: 'sos'
    
    The following object is masked from 'package:utils':
    
     ?
    
    
    Execution halted
    
    * checking PDF version of manual ...* using check arguments '--no-clean-on-error '
Flavor: r-oldrel-macos-arm64

Version: 2.1-4
Check: re-building of vignette outputs
Result: NOTE
    Error(s) in re-building vignettes:
    --- re-building ‘sos.Rnw’ using Sweave
    Loading required package: brew
    
    Attaching package: 'sos'
    
    The following object is masked from 'package:utils':
    
     ?
    
    Warning in readLines(link) :
     URL 'https://search.r-project.org/?P=spline&HITSPERPAGE=20&FMT=xml&SORT=&DB=cran-help&DB=r-help&[=15': Timeout of 60 seconds was reached
    Error in readLines(link) :
     cannot open the connection to 'https://search.r-project.org/?P=spline&HITSPERPAGE=20&FMT=xml&SORT=&DB=cran-help&DB=r-help&[=15'
    Warning in parseHTML(href.i) :
     An error occurred in readLine(link), link = 5
    findFn needs Internet access; is it available?
    Warning in readLines(link) :
     URL 'https://search.r-project.org/?P=spline&HITSPERPAGE=20&FMT=xml&SORT=&DB=cran-help&DB=r-help&[=16': Timeout of 60 seconds was reached
    Error in readLines(link) :
     cannot open the connection to 'https://search.r-project.org/?P=spline&HITSPERPAGE=20&FMT=xml&SORT=&DB=cran-help&DB=r-help&[=16'
    Warning in parseHTML(href.i) :
     An error occurred in readLine(link), link = 5
    findFn needs Internet access; is it available?
    Warning in readLines(link) :
     URL 'https://search.r-project.org/?P=spline&HITSPERPAGE=20&FMT=xml&SORT=&DB=cran-help&DB=r-help&[=17': Timeout of 60 seconds was reached
    Error in readLines(link) :
     cannot open the connection to 'https://search.r-project.org/?P=spline&HITSPERPAGE=20&FMT=xml&SORT=&DB=cran-help&DB=r-help&[=17'
    Warning in parseHTML(href.i) :
     An error occurred in readLine(link), link = 5
    findFn needs Internet access; is it available?
    Warning in readLines(link) :
     URL 'https://search.r-project.org/?P=spline&HITSPERPAGE=20&FMT=xml&SORT=&DB=cran-help&DB=r-help&[=96': Timeout of 60 seconds was reached
    Error in readLines(link) :
     cannot open the connection to 'https://search.r-project.org/?P=spline&HITSPERPAGE=20&FMT=xml&SORT=&DB=cran-help&DB=r-help&[=96'
    Warning in parseHTML(href.i) :
     An error occurred in readLine(link), link = 5
    findFn needs Internet access; is it available?
    
    Execution halted
    
    * checking PDF version of manual ...* using check arguments '--no-clean-on-error '
Flavor: r-oldrel-macos-x86_64