Last updated on 2022-07-03 07:52:06 CEST.
Flavor | Version | Tinstall | Tcheck | Ttotal | Status | Flags |
---|---|---|---|---|---|---|
r-devel-linux-x86_64-debian-clang | 4.1.7 | 121.94 | 177.38 | 299.32 | OK | --no-vignettes |
r-devel-linux-x86_64-debian-gcc | 4.1.7 | 96.54 | 133.52 | 230.06 | OK | --no-vignettes |
r-devel-linux-x86_64-fedora-clang | 4.1.7 | 388.89 | NOTE | --no-vignettes | ||
r-devel-linux-x86_64-fedora-gcc | 4.1.7 | 363.05 | OK | --no-vignettes | ||
r-devel-windows-x86_64 | 4.1.7 | 125.00 | 260.00 | 385.00 | NOTE | --no-vignettes |
r-patched-linux-x86_64 | 4.1.7 | 92.77 | 162.35 | 255.12 | OK | --no-vignettes |
r-release-linux-x86_64 | 4.1.7 | 100.25 | 166.15 | 266.40 | OK | --no-vignettes |
r-release-macos-arm64 | 4.1.7 | 155.00 | NOTE | |||
r-release-macos-x86_64 | 4.1.7 | 205.00 | NOTE | |||
r-release-windows-x86_64 | 4.1.7 | 111.00 | 194.00 | 305.00 | NOTE | --no-vignettes |
r-oldrel-macos-arm64 | 4.1.7 | 146.00 | NOTE | |||
r-oldrel-macos-x86_64 | 4.1.7 | 207.00 | NOTE | |||
r-oldrel-windows-ix86+x86_64 | 4.1.7 | 218.00 | 287.00 | 505.00 | NOTE | --no-vignettes |
Version: 4.1.7
Flags: --no-vignettes
Check: installed package size
Result: NOTE
installed size is 12.1Mb
sub-directories of 1Mb or more:
data 1.4Mb
doc 2.1Mb
libs 7.6Mb
Flavors: r-devel-linux-x86_64-fedora-clang, r-devel-windows-x86_64, r-release-windows-x86_64, r-oldrel-windows-ix86+x86_64
Version: 4.1.7
Check: installed package size
Result: NOTE
installed size is 14.4Mb
sub-directories of 1Mb or more:
data 1.4Mb
doc 2.1Mb
libs 9.9Mb
Flavors: r-release-macos-arm64, r-release-macos-x86_64, r-oldrel-macos-arm64, r-oldrel-macos-x86_64