CRAN Package Check Results for Package som.nn

Last updated on 2022-08-12 07:53:27 CEST.

Flavor Version Tinstall Tcheck Ttotal Status Flags
r-devel-linux-x86_64-debian-clang 1.1.0 5.61 63.53 69.14 NOTE
r-devel-linux-x86_64-debian-gcc 1.1.0 4.39 45.76 50.15 NOTE
r-devel-linux-x86_64-fedora-clang 1.1.0 87.58 NOTE
r-devel-linux-x86_64-fedora-gcc 1.1.0 86.68 NOTE
r-devel-windows-x86_64 1.1.0 21.00 82.00 103.00 NOTE
r-patched-linux-x86_64 1.1.0 5.12 58.52 63.64 NOTE
r-release-linux-x86_64 1.1.0 4.79 58.17 62.96 NOTE
r-release-macos-arm64 1.1.0 24.00 NOTE
r-release-macos-x86_64 1.1.0 42.00 NOTE
r-release-windows-x86_64 1.1.0 21.00 88.00 109.00 NOTE
r-oldrel-macos-arm64 1.1.0 26.00 NOTE
r-oldrel-macos-x86_64 1.1.0 52.00 NOTE
r-oldrel-windows-ix86+x86_64 1.1.0 11.00 80.00 91.00 NOTE

Check Details

Version: 1.1.0
Check: LazyData
Result: NOTE
     'LazyData' is specified without a 'data' directory
Flavors: r-devel-linux-x86_64-debian-clang, r-devel-linux-x86_64-debian-gcc, r-devel-linux-x86_64-fedora-clang, r-devel-linux-x86_64-fedora-gcc, r-devel-windows-x86_64, r-patched-linux-x86_64, r-release-linux-x86_64, r-release-macos-arm64, r-release-macos-x86_64, r-release-windows-x86_64, r-oldrel-macos-arm64, r-oldrel-macos-x86_64, r-oldrel-windows-ix86+x86_64