CRAN Package Check Results for Package solrium

Last updated on 2022-05-16 07:49:13 CEST.

Flavor Version Tinstall Tcheck Ttotal Status Flags
r-devel-linux-x86_64-debian-clang 1.2.0 10.01 89.32 99.33 OK
r-devel-linux-x86_64-debian-gcc 1.2.0 7.94 65.50 73.44 OK
r-devel-linux-x86_64-fedora-clang 1.2.0 112.98 NOTE
r-devel-linux-x86_64-fedora-gcc 1.2.0 110.96 OK
r-devel-windows-x86_64 1.2.0 50.00 144.00 194.00 OK
r-patched-linux-x86_64 1.2.0 12.24 79.90 92.14 OK
r-release-linux-x86_64 1.2.0 10.59 81.58 92.17 OK
r-release-macos-arm64 1.2.0 36.00 OK
r-release-macos-x86_64 1.2.0 66.00 OK
r-release-windows-x86_64 1.2.0 65.00 149.00 214.00 OK
r-oldrel-macos-arm64 1.2.0 37.00 OK
r-oldrel-macos-x86_64 1.2.0 78.00 OK
r-oldrel-windows-ix86+x86_64 1.2.0 21.00 115.00 136.00 OK

Check Details

Version: 1.2.0
Check: Rd cross-references
Result: NOTE
    Undeclared package ‘XML’ in Rd xrefs
Flavor: r-devel-linux-x86_64-fedora-clang