CRAN Package Check Results for Package smoof

Last updated on 2022-07-05 07:51:07 CEST.

Flavor Version Tinstall Tcheck Ttotal Status Flags
r-devel-linux-x86_64-debian-clang 1.6.0.2 88.65 118.55 207.20 NOTE
r-devel-linux-x86_64-debian-gcc 1.6.0.2 68.42 87.88 156.30 NOTE
r-devel-linux-x86_64-fedora-clang 1.6.0.2 298.63 NOTE
r-devel-linux-x86_64-fedora-gcc 1.6.0.2 279.11 NOTE
r-devel-windows-x86_64 1.6.0.2 147.00 160.00 307.00 NOTE
r-patched-linux-x86_64 1.6.0.2 74.95 117.08 192.03 NOTE
r-release-linux-x86_64 1.6.0.2 74.29 119.78 194.07 NOTE
r-release-macos-arm64 1.6.0.2 87.00 NOTE
r-release-macos-x86_64 1.6.0.2 135.00 NOTE
r-release-windows-x86_64 1.6.0.2 162.00 157.00 319.00 NOTE
r-oldrel-macos-arm64 1.6.0.2 127.00 NOTE
r-oldrel-macos-x86_64 1.6.0.2 135.00 NOTE
r-oldrel-windows-ix86+x86_64 1.6.0.2 221.00 193.00 414.00 NOTE

Check Details

Version: 1.6.0.2
Check: package dependencies
Result: NOTE
    Package suggested but not available for checking: 'rPython'
Flavors: r-devel-linux-x86_64-debian-clang, r-devel-linux-x86_64-debian-gcc, r-devel-linux-x86_64-fedora-clang, r-devel-linux-x86_64-fedora-gcc, r-devel-windows-x86_64, r-patched-linux-x86_64, r-release-linux-x86_64, r-release-macos-arm64, r-release-macos-x86_64, r-release-windows-x86_64, r-oldrel-macos-arm64, r-oldrel-macos-x86_64, r-oldrel-windows-ix86+x86_64

Version: 1.6.0.2
Check: LazyData
Result: NOTE
     'LazyData' is specified without a 'data' directory
Flavors: r-devel-linux-x86_64-debian-clang, r-devel-linux-x86_64-debian-gcc, r-devel-linux-x86_64-fedora-clang, r-devel-linux-x86_64-fedora-gcc, r-devel-windows-x86_64, r-patched-linux-x86_64, r-release-linux-x86_64, r-release-macos-arm64, r-release-macos-x86_64, r-release-windows-x86_64, r-oldrel-macos-arm64, r-oldrel-macos-x86_64, r-oldrel-windows-ix86+x86_64