CRAN Package Check Results for Package smmR

Last updated on 2022-01-23 07:14:14 CET.

Flavor Version Tinstall Tcheck Ttotal Status Flags
r-devel-linux-x86_64-debian-clang 1.0.3 55.15 103.34 158.49 OK
r-devel-linux-x86_64-debian-gcc 1.0.3 41.56 82.02 123.58 OK
r-devel-linux-x86_64-fedora-clang 1.0.3 209.46 OK
r-devel-linux-x86_64-fedora-gcc 1.0.3 184.63 OK
r-devel-windows-x86_64-new-UL 1.0.3 82.00 145.00 227.00 OK
r-devel-windows-x86_64-new-TK 1.0.3 OK
r-patched-linux-x86_64 1.0.3 44.87 99.17 144.04 OK
r-release-linux-x86_64 1.0.3 46.36 96.74 143.10 OK
r-release-macos-arm64 1.0.3 NOTE
r-release-macos-x86_64 1.0.3 NOTE
r-release-windows-ix86+x86_64 1.0.3 114.00 139.00 253.00 OK
r-oldrel-macos-x86_64 1.0.3 NOTE
r-oldrel-windows-ix86+x86_64 1.0.3 116.00 135.00 251.00 OK

Check Details

Version: 1.0.3
Check: installed package size
Result: NOTE
     installed size is 6.1Mb
     sub-directories of 1Mb or more:
     libs 5.2Mb
Flavors: r-release-macos-arm64, r-release-macos-x86_64, r-oldrel-macos-x86_64