Last updated on 2022-07-04 07:49:07 CEST.
Flavor | Version | Tinstall | Tcheck | Ttotal | Status | Flags |
---|---|---|---|---|---|---|
r-devel-linux-x86_64-debian-clang | 0.2-14 | 3.00 | 461.29 | 464.29 | NOTE | |
r-devel-linux-x86_64-debian-gcc | 0.2-14 | 2.69 | 303.84 | 306.53 | NOTE | |
r-devel-linux-x86_64-fedora-clang | 0.2-14 | 514.93 | NOTE | |||
r-devel-linux-x86_64-fedora-gcc | 0.2-14 | 541.71 | NOTE | |||
r-devel-windows-x86_64 | 0.2-14 | 16.00 | 399.00 | 415.00 | NOTE | |
r-patched-linux-x86_64 | 0.2-14 | 3.38 | 359.39 | 362.77 | NOTE | |
r-release-linux-x86_64 | 0.2-14 | 2.61 | 354.13 | 356.74 | NOTE | |
r-release-macos-arm64 | 0.2-14 | 21.00 | NOTE | |||
r-release-macos-x86_64 | 0.2-14 | 160.00 | NOTE | |||
r-release-windows-x86_64 | 0.2-14 | 19.00 | 340.00 | 359.00 | NOTE | |
r-oldrel-macos-arm64 | 0.2-14 | 27.00 | NOTE | |||
r-oldrel-macos-x86_64 | 0.2-14 | 29.00 | NOTE | |||
r-oldrel-windows-ix86+x86_64 | 0.2-14 | 7.00 | 415.00 | 422.00 | NOTE |
Version: 0.2-14
Check: package dependencies
Result: NOTE
Package which this enhances but not available for checking: 'kmndirs'
Flavors: r-devel-linux-x86_64-debian-clang, r-devel-linux-x86_64-debian-gcc, r-devel-linux-x86_64-fedora-clang, r-devel-linux-x86_64-fedora-gcc, r-devel-windows-x86_64, r-patched-linux-x86_64, r-release-linux-x86_64, r-release-macos-arm64, r-release-macos-x86_64, r-release-windows-x86_64, r-oldrel-macos-arm64, r-oldrel-macos-x86_64, r-oldrel-windows-ix86+x86_64
Version: 0.2-14
Check: dependencies in R code
Result: NOTE
Unavailable namespace imported from by a ':::' call: 'kmndirs'
See the note in ?`:::` about the use of this operator.
Flavors: r-devel-linux-x86_64-debian-clang, r-devel-linux-x86_64-debian-gcc, r-devel-linux-x86_64-fedora-clang, r-devel-linux-x86_64-fedora-gcc, r-devel-windows-x86_64, r-patched-linux-x86_64, r-release-linux-x86_64, r-release-macos-arm64, r-release-macos-x86_64, r-release-windows-x86_64, r-oldrel-macos-arm64, r-oldrel-macos-x86_64, r-oldrel-windows-ix86+x86_64