CRAN Package Check Results for Package sketcher

Last updated on 2022-08-11 07:51:56 CEST.

Flavor Version Tinstall Tcheck Ttotal Status Flags
r-devel-linux-x86_64-debian-clang 0.1.3 5.24 32.39 37.63 OK
r-devel-linux-x86_64-debian-gcc 0.1.3 3.28 25.21 28.49 OK
r-devel-linux-x86_64-fedora-clang 0.1.3 55.35 NOTE
r-devel-linux-x86_64-fedora-gcc 0.1.3 54.05 NOTE
r-devel-windows-x86_64 0.1.3 24.00 59.00 83.00 OK
r-patched-linux-x86_64 0.1.3 4.65 31.40 36.05 OK
r-release-linux-x86_64 0.1.3 OK
r-release-macos-arm64 0.1.3 20.00 NOTE
r-release-macos-x86_64 0.1.3 32.00 NOTE
r-release-windows-x86_64 0.1.3 19.00 61.00 80.00 OK
r-oldrel-macos-arm64 0.1.3 23.00 NOTE
r-oldrel-macos-x86_64 0.1.3 33.00 NOTE
r-oldrel-windows-ix86+x86_64 0.1.3 11.00 51.00 62.00 OK

Check Details

Version: 0.1.3
Check: dependencies in R code
Result: NOTE
    Namespaces in Imports field not imported from:
     ‘dplyr’ ‘methods’
     All declared Imports should be used.
Flavors: r-devel-linux-x86_64-fedora-clang, r-devel-linux-x86_64-fedora-gcc, r-release-macos-arm64, r-release-macos-x86_64, r-oldrel-macos-arm64, r-oldrel-macos-x86_64