Last updated on 2022-05-16 07:49:13 CEST.
Flavor | Version | Tinstall | Tcheck | Ttotal | Status | Flags |
---|---|---|---|---|---|---|
r-devel-linux-x86_64-debian-clang | 0.2.0 | 505.93 | 148.61 | 654.54 | OK | |
r-devel-linux-x86_64-debian-gcc | 0.2.0 | 397.98 | 109.83 | 507.81 | OK | |
r-devel-linux-x86_64-fedora-clang | 0.2.0 | 957.92 | NOTE | |||
r-devel-linux-x86_64-fedora-gcc | 0.2.0 | 850.67 | OK | |||
r-devel-windows-x86_64 | 0.2.0 | 410.00 | 201.00 | 611.00 | OK | |
r-patched-linux-x86_64 | 0.2.0 | 345.01 | 140.63 | 485.64 | OK | |
r-release-linux-x86_64 | 0.2.0 | 335.41 | 141.09 | 476.50 | OK | |
r-release-macos-arm64 | 0.2.0 | 186.00 | NOTE | |||
r-release-macos-x86_64 | 0.2.0 | 361.00 | NOTE | |||
r-release-windows-x86_64 | 0.2.0 | 418.00 | 205.00 | 623.00 | OK | |
r-oldrel-macos-arm64 | 0.2.0 | 179.00 | NOTE | |||
r-oldrel-macos-x86_64 | 0.2.0 | 253.00 | NOTE | |||
r-oldrel-windows-ix86+x86_64 | 0.2.0 | 188.00 | 9.00 | 197.00 | ERROR |
Version: 0.2.0
Check: installed package size
Result: NOTE
installed size is 17.5Mb
sub-directories of 1Mb or more:
doc 1.5Mb
libs 15.1Mb
Flavors: r-devel-linux-x86_64-fedora-clang, r-release-macos-arm64, r-release-macos-x86_64, r-oldrel-macos-arm64, r-oldrel-macos-x86_64
Version: 0.2.0
Check: whether package can be installed
Result: ERROR
Installation failed.
Flavor: r-oldrel-windows-ix86+x86_64