CRAN Package Check Results for Package simPop

Last updated on 2022-07-03 07:52:05 CEST.

Flavor Version Tinstall Tcheck Ttotal Status Flags
r-devel-linux-x86_64-debian-clang 1.2.1 85.08 197.02 282.10 OK
r-devel-linux-x86_64-debian-gcc 1.2.1 65.49 144.39 209.88 OK
r-devel-linux-x86_64-fedora-clang 1.2.1 365.54 OK
r-devel-linux-x86_64-fedora-gcc 1.2.1 348.58 OK
r-devel-windows-x86_64 1.2.1 89.00 242.00 331.00 OK
r-patched-linux-x86_64 1.2.1 68.99 187.12 256.11 OK
r-release-linux-x86_64 1.2.1 73.94 184.31 258.25 OK
r-release-macos-arm64 1.2.1 90.00 NOTE
r-release-macos-x86_64 1.2.1 153.00 NOTE
r-release-windows-x86_64 1.2.1 209.00 244.00 453.00 OK
r-oldrel-macos-arm64 1.2.1 118.00 NOTE
r-oldrel-macos-x86_64 1.2.1 169.00 NOTE
r-oldrel-windows-ix86+x86_64 1.2.1 195.00 323.00 518.00 NOTE

Check Details

Version: 1.2.1
Check: installed package size
Result: NOTE
     installed size is 5.2Mb
     sub-directories of 1Mb or more:
     data 2.0Mb
     libs 2.3Mb
Flavors: r-release-macos-arm64, r-release-macos-x86_64, r-oldrel-macos-arm64, r-oldrel-macos-x86_64, r-oldrel-windows-ix86+x86_64