CRAN Package Check Results for Package signnet

Last updated on 2022-01-20 06:49:32 CET.

Flavor Version Tinstall Tcheck Ttotal Status Flags
r-devel-linux-x86_64-debian-clang 0.7.1 OK
r-devel-linux-x86_64-debian-gcc 0.7.1 62.81 87.72 150.53 OK
r-devel-linux-x86_64-fedora-clang 0.7.1 277.08 OK
r-devel-linux-x86_64-fedora-gcc 0.7.1 249.54 OK
r-devel-windows-x86_64-new-UL 0.7.1 144.00 176.00 320.00 OK
r-devel-windows-x86_64-new-TK 0.7.1 OK
r-patched-linux-x86_64 0.7.1 77.83 124.89 202.72 OK
r-release-linux-x86_64 0.7.1 OK
r-release-macos-arm64 0.7.1 NOTE
r-release-macos-x86_64 0.7.1 OK
r-release-windows-ix86+x86_64 0.7.1 209.00 209.00 418.00 OK
r-oldrel-macos-x86_64 0.7.1 OK
r-oldrel-windows-ix86+x86_64 0.7.1 210.00 212.00 422.00 OK

Check Details

Version: 0.7.1
Check: installed package size
Result: NOTE
     installed size is 5.6Mb
     sub-directories of 1Mb or more:
     libs 4.0Mb
Flavor: r-release-macos-arm64