CRAN Package Check Results for Package shinyreforms

Last updated on 2022-01-26 06:50:29 CET.

Flavor Version Tinstall Tcheck Ttotal Status Flags
r-devel-linux-x86_64-debian-clang 0.0.1 5.52 46.85 52.37 NOTE
r-devel-linux-x86_64-debian-gcc 0.0.1 4.31 37.35 41.66 NOTE
r-devel-linux-x86_64-fedora-clang 0.0.1 63.41 NOTE
r-devel-linux-x86_64-fedora-gcc 0.0.1 53.48 NOTE
r-devel-windows-x86_64-new-UL 0.0.1 45.00 73.00 118.00 NOTE
r-devel-windows-x86_64-new-TK 0.0.1 NOTE
r-patched-linux-x86_64 0.0.1 3.85 44.02 47.87 NOTE
r-release-linux-x86_64 0.0.1 5.11 44.21 49.32 NOTE
r-release-macos-arm64 0.0.1 NOTE
r-release-macos-x86_64 0.0.1 NOTE
r-release-windows-ix86+x86_64 0.0.1 12.00 60.00 72.00 NOTE
r-oldrel-macos-x86_64 0.0.1 OK
r-oldrel-windows-ix86+x86_64 0.0.1 12.00 62.00 74.00 OK

Check Details

Version: 0.0.1
Check: LazyData
Result: NOTE
     'LazyData' is specified without a 'data' directory
Flavors: r-devel-linux-x86_64-debian-clang, r-devel-linux-x86_64-debian-gcc, r-devel-linux-x86_64-fedora-clang, r-devel-linux-x86_64-fedora-gcc, r-devel-windows-x86_64-new-UL, r-devel-windows-x86_64-new-TK, r-patched-linux-x86_64, r-release-linux-x86_64, r-release-macos-arm64, r-release-macos-x86_64, r-release-windows-ix86+x86_64