Last updated on 2022-07-07 07:51:34 CEST.
Flavor | Version | Tinstall | Tcheck | Ttotal | Status | Flags |
---|---|---|---|---|---|---|
r-devel-linux-x86_64-debian-clang | 0.3.2 | 2.04 | 22.31 | 24.35 | OK | |
r-devel-linux-x86_64-debian-gcc | 0.3.2 | 1.60 | 17.42 | 19.02 | OK | |
r-devel-linux-x86_64-fedora-clang | 0.3.2 | 40.44 | NOTE | |||
r-devel-linux-x86_64-fedora-gcc | 0.3.2 | 39.53 | NOTE | |||
r-devel-windows-x86_64 | 0.3.2 | 35.00 | 48.00 | 83.00 | OK | |
r-patched-linux-x86_64 | 0.3.2 | 1.86 | 21.46 | 23.32 | OK | |
r-release-linux-x86_64 | 0.3.2 | 1.74 | 21.96 | 23.70 | OK | |
r-release-macos-arm64 | 0.3.2 | 14.00 | NOTE | |||
r-release-macos-x86_64 | 0.3.2 | 28.00 | NOTE | |||
r-release-windows-x86_64 | 0.3.2 | 19.00 | 46.00 | 65.00 | OK | |
r-oldrel-macos-arm64 | 0.3.2 | 18.00 | NOTE | |||
r-oldrel-macos-x86_64 | 0.3.2 | 26.00 | NOTE | |||
r-oldrel-windows-ix86+x86_64 | 0.3.2 | 6.00 | 37.00 | 43.00 | OK |
Version: 0.3.2
Check: dependencies in R code
Result: NOTE
Namespace in Imports field not imported from: ‘markdown’
All declared Imports should be used.
Flavors: r-devel-linux-x86_64-fedora-clang, r-devel-linux-x86_64-fedora-gcc, r-release-macos-arm64, r-release-macos-x86_64, r-oldrel-macos-arm64, r-oldrel-macos-x86_64