CRAN Package Check Results for Package shinydlplot

Last updated on 2022-05-19 07:50:20 CEST.

Flavor Version Tinstall Tcheck Ttotal Status Flags
r-devel-linux-x86_64-debian-clang 0.1.3 3.96 48.37 52.33 NOTE
r-devel-linux-x86_64-debian-gcc 0.1.3 3.46 37.88 41.34 NOTE
r-devel-linux-x86_64-fedora-clang 0.1.3 63.68 NOTE
r-devel-linux-x86_64-fedora-gcc 0.1.3 63.65 NOTE
r-devel-windows-x86_64 0.1.3 21.00 63.00 84.00 NOTE
r-patched-linux-x86_64 0.1.3 8.56 47.30 55.86 NOTE
r-release-linux-x86_64 0.1.3 2.65 46.56 49.21 NOTE
r-release-macos-arm64 0.1.3 21.00 NOTE
r-release-macos-x86_64 0.1.3 33.00 NOTE
r-release-windows-x86_64 0.1.3 24.00 67.00 91.00 NOTE
r-oldrel-macos-arm64 0.1.3 28.00 NOTE
r-oldrel-macos-x86_64 0.1.3 40.00 NOTE
r-oldrel-windows-ix86+x86_64 0.1.3 12.00 63.00 75.00 NOTE

Check Details

Version: 0.1.3
Check: LazyData
Result: NOTE
     'LazyData' is specified without a 'data' directory
Flavors: r-devel-linux-x86_64-debian-clang, r-devel-linux-x86_64-debian-gcc, r-devel-linux-x86_64-fedora-clang, r-devel-linux-x86_64-fedora-gcc, r-devel-windows-x86_64, r-patched-linux-x86_64, r-release-linux-x86_64, r-release-macos-arm64, r-release-macos-x86_64, r-release-windows-x86_64, r-oldrel-macos-arm64, r-oldrel-macos-x86_64, r-oldrel-windows-ix86+x86_64