Last updated on 2022-05-19 07:50:20 CEST.
Flavor | Version | Tinstall | Tcheck | Ttotal | Status | Flags |
---|---|---|---|---|---|---|
r-devel-linux-x86_64-debian-clang | 1.0.0 | 3.30 | 39.60 | 42.90 | OK | |
r-devel-linux-x86_64-debian-gcc | 1.0.0 | 2.55 | 30.82 | 33.37 | OK | |
r-devel-linux-x86_64-fedora-clang | 1.0.0 | 51.96 | NOTE | |||
r-devel-linux-x86_64-fedora-gcc | 1.0.0 | 50.97 | NOTE | |||
r-devel-windows-x86_64 | 1.0.0 | 64.00 | 57.00 | 121.00 | OK | |
r-patched-linux-x86_64 | 1.0.0 | 2.69 | 38.06 | 40.75 | OK | |
r-release-linux-x86_64 | 1.0.0 | 2.39 | 39.11 | 41.50 | OK | |
r-release-macos-arm64 | 1.0.0 | 16.00 | NOTE | |||
r-release-macos-x86_64 | 1.0.0 | 33.00 | NOTE | |||
r-release-windows-x86_64 | 1.0.0 | 72.00 | 59.00 | 131.00 | OK | |
r-oldrel-macos-arm64 | 1.0.0 | 26.00 | NOTE | |||
r-oldrel-macos-x86_64 | 1.0.0 | 24.00 | NOTE | |||
r-oldrel-windows-ix86+x86_64 | 1.0.0 | 9.00 | 50.00 | 59.00 | OK |
Version: 1.0.0
Check: dependencies in R code
Result: NOTE
Namespace in Imports field not imported from: ‘shiny’
All declared Imports should be used.
Flavors: r-devel-linux-x86_64-fedora-clang, r-devel-linux-x86_64-fedora-gcc, r-release-macos-arm64, r-release-macos-x86_64, r-oldrel-macos-arm64, r-oldrel-macos-x86_64