Last updated on 2022-07-06 07:49:09 CEST.
Flavor | Version | Tinstall | Tcheck | Ttotal | Status | Flags |
---|---|---|---|---|---|---|
r-devel-linux-x86_64-debian-clang | 0.4.2 | 6.59 | 48.19 | 54.78 | OK | |
r-devel-linux-x86_64-debian-gcc | 0.4.2 | 4.39 | 37.90 | 42.29 | OK | |
r-devel-linux-x86_64-fedora-clang | 0.4.2 | 73.68 | NOTE | |||
r-devel-linux-x86_64-fedora-gcc | 0.4.2 | 83.37 | OK | |||
r-devel-windows-x86_64 | 0.4.2 | 88.00 | 81.00 | 169.00 | NOTE | |
r-patched-linux-x86_64 | 0.4.2 | 6.23 | 46.97 | 53.20 | OK | |
r-release-linux-x86_64 | 0.4.2 | 6.19 | 47.30 | 53.49 | OK | |
r-release-macos-arm64 | 0.4.2 | 28.00 | NOTE | |||
r-release-macos-x86_64 | 0.4.2 | 40.00 | NOTE | |||
r-release-windows-x86_64 | 0.4.2 | 154.00 | 84.00 | 238.00 | NOTE | |
r-oldrel-macos-arm64 | 0.4.2 | 29.00 | NOTE | |||
r-oldrel-macos-x86_64 | 0.4.2 | 42.00 | NOTE | |||
r-oldrel-windows-ix86+x86_64 | 0.4.2 | 15.00 | 70.00 | 85.00 | NOTE |
Version: 0.4.2
Check: installed package size
Result: NOTE
installed size is 8.1Mb
sub-directories of 1Mb or more:
www 7.7Mb
Flavors: r-devel-linux-x86_64-fedora-clang, r-devel-windows-x86_64, r-release-macos-arm64, r-release-macos-x86_64, r-release-windows-x86_64, r-oldrel-macos-arm64, r-oldrel-macos-x86_64, r-oldrel-windows-ix86+x86_64