Last updated on 2022-06-30 07:50:22 CEST.
Flavor | Version | Tinstall | Tcheck | Ttotal | Status | Flags |
---|---|---|---|---|---|---|
r-devel-linux-x86_64-debian-clang | 0.7 | 2.92 | 24.27 | 27.19 | NOTE | |
r-devel-linux-x86_64-debian-gcc | 0.7 | 2.32 | 18.79 | 21.11 | NOTE | |
r-devel-linux-x86_64-fedora-clang | 0.7 | 44.19 | NOTE | |||
r-devel-linux-x86_64-fedora-gcc | 0.7 | 42.99 | NOTE | |||
r-devel-windows-x86_64 | 0.7 | 15.00 | 50.00 | 65.00 | NOTE | |
r-patched-linux-x86_64 | 0.7 | 3.48 | 23.52 | 27.00 | NOTE | |
r-release-linux-x86_64 | 0.7 | 2.57 | 23.40 | 25.97 | NOTE | |
r-release-macos-arm64 | 0.7 | 15.00 | NOTE | |||
r-release-macos-x86_64 | 0.7 | 21.00 | NOTE | |||
r-release-windows-x86_64 | 0.7 | 7.00 | 49.00 | 56.00 | NOTE | |
r-oldrel-macos-arm64 | 0.7 | 34.00 | NOTE | |||
r-oldrel-macos-x86_64 | 0.7 | 26.00 | NOTE | |||
r-oldrel-windows-ix86+x86_64 | 0.7 | 5.00 | 38.00 | 43.00 | NOTE |
Version: 0.7
Check: DESCRIPTION meta-information
Result: NOTE
Malformed Description field: should contain one or more complete sentences.
Flavors: r-devel-linux-x86_64-debian-clang, r-devel-linux-x86_64-debian-gcc, r-devel-linux-x86_64-fedora-clang, r-devel-linux-x86_64-fedora-gcc, r-devel-windows-x86_64, r-patched-linux-x86_64, r-release-linux-x86_64, r-release-macos-arm64, r-release-macos-x86_64, r-release-windows-x86_64, r-oldrel-macos-arm64, r-oldrel-macos-x86_64, r-oldrel-windows-ix86+x86_64
Version: 0.7
Check: dependencies in R code
Result: NOTE
'library' or 'require' call to 'foreign' which was already attached by Depends.
Please remove these calls from your code.
Flavors: r-devel-linux-x86_64-debian-clang, r-devel-linux-x86_64-debian-gcc, r-devel-linux-x86_64-fedora-clang, r-devel-linux-x86_64-fedora-gcc, r-devel-windows-x86_64, r-patched-linux-x86_64, r-release-linux-x86_64, r-release-macos-arm64, r-release-macos-x86_64, r-release-windows-x86_64, r-oldrel-macos-arm64, r-oldrel-macos-x86_64, r-oldrel-windows-ix86+x86_64
Version: 0.7
Check: Rd files
Result: NOTE
checkRd: (-1) shapefiles.Rd:51: Escaped LaTeX specials: \_
checkRd: (-1) shapefiles.Rd:96: Escaped LaTeX specials: \_
Flavors: r-devel-linux-x86_64-debian-clang, r-devel-linux-x86_64-debian-gcc, r-devel-linux-x86_64-fedora-clang, r-devel-linux-x86_64-fedora-gcc, r-devel-windows-x86_64