CRAN Package Check Results for Package sglOptim

Last updated on 2022-01-23 07:14:14 CET.

Flavor Version Tinstall Tcheck Ttotal Status Flags
r-devel-linux-x86_64-debian-clang 1.3.8 89.46 83.59 173.05 OK
r-devel-linux-x86_64-debian-gcc 1.3.8 51.85 73.66 125.51 OK
r-devel-linux-x86_64-fedora-clang 1.3.8 240.63 NOTE
r-devel-linux-x86_64-fedora-gcc 1.3.8 183.88 OK
r-devel-windows-x86_64-new-UL 1.3.8 252.00 143.00 395.00 OK
r-devel-windows-x86_64-new-TK 1.3.8 OK
r-patched-linux-x86_64 1.3.8 58.49 82.52 141.01 OK
r-release-linux-x86_64 1.3.8 60.50 81.86 142.36 OK
r-release-macos-arm64 1.3.8 NOTE
r-release-macos-x86_64 1.3.8 NOTE
r-release-windows-ix86+x86_64 1.3.8 144.00 141.00 285.00 OK
r-oldrel-macos-x86_64 1.3.8 NOTE
r-oldrel-windows-ix86+x86_64 1.3.8 144.00 139.00 283.00 OK

Check Details

Version: 1.3.8
Check: installed package size
Result: NOTE
     installed size is 10.6Mb
     sub-directories of 1Mb or more:
     libs 9.1Mb
Flavors: r-devel-linux-x86_64-fedora-clang, r-release-macos-arm64, r-release-macos-x86_64, r-oldrel-macos-x86_64