Last updated on 2022-07-05 07:51:06 CEST.
Flavor | Version | Tinstall | Tcheck | Ttotal | Status | Flags |
---|---|---|---|---|---|---|
r-devel-linux-x86_64-debian-clang | 1.0.0 | 99.35 | 270.65 | 370.00 | NOTE | |
r-devel-linux-x86_64-debian-gcc | 1.0.0 | 77.68 | 191.41 | 269.09 | NOTE | |
r-devel-linux-x86_64-fedora-clang | 1.0.0 | 466.78 | NOTE | |||
r-devel-linux-x86_64-fedora-gcc | 1.0.0 | 431.51 | NOTE | |||
r-devel-windows-x86_64 | 1.0.0 | 246.00 | 293.00 | 539.00 | NOTE | |
r-patched-linux-x86_64 | 1.0.0 | 86.84 | 235.72 | 322.56 | NOTE | |
r-release-linux-x86_64 | 1.0.0 | 72.24 | 241.94 | 314.18 | NOTE | |
r-release-macos-arm64 | 1.0.0 | 117.00 | NOTE | |||
r-release-macos-x86_64 | 1.0.0 | 198.00 | NOTE | |||
r-release-windows-x86_64 | 1.0.0 | 121.00 | 292.00 | 413.00 | NOTE | |
r-oldrel-macos-arm64 | 1.0.0 | 140.00 | NOTE | |||
r-oldrel-macos-x86_64 | 1.0.0 | 161.00 | NOTE | |||
r-oldrel-windows-ix86+x86_64 | 1.0.0 | 242.00 | 479.00 | 721.00 | NOTE |
Version: 1.0.0
Check: for GNU extensions in Makefiles
Result: NOTE
GNU make is a SystemRequirements.
Flavors: r-devel-linux-x86_64-debian-clang, r-devel-linux-x86_64-debian-gcc, r-devel-linux-x86_64-fedora-clang, r-devel-linux-x86_64-fedora-gcc, r-devel-windows-x86_64, r-patched-linux-x86_64, r-release-linux-x86_64, r-release-macos-arm64, r-release-macos-x86_64, r-release-windows-x86_64, r-oldrel-macos-arm64, r-oldrel-macos-x86_64, r-oldrel-windows-ix86+x86_64
Version: 1.0.0
Check: installed package size
Result: NOTE
installed size is 6.7Mb
sub-directories of 1Mb or more:
data 2.3Mb
libs 3.2Mb
Flavors: r-devel-linux-x86_64-fedora-clang, r-release-macos-arm64, r-release-macos-x86_64, r-oldrel-macos-arm64, r-oldrel-macos-x86_64, r-oldrel-windows-ix86+x86_64
Version: 1.0.0
Check: data for non-ASCII characters
Result: NOTE
Note: found 4436 marked UTF-8 strings
Flavors: r-devel-linux-x86_64-fedora-clang, r-devel-linux-x86_64-fedora-gcc, r-release-macos-arm64, r-release-macos-x86_64, r-oldrel-macos-arm64, r-oldrel-macos-x86_64