CRAN Package Check Results for Package seg

Last updated on 2022-05-21 07:55:35 CEST.

Flavor Version Tinstall Tcheck Ttotal Status Flags
r-devel-linux-x86_64-debian-clang 0.5-7 8.71 84.65 93.36 NOTE
r-devel-linux-x86_64-debian-gcc 0.5-7 6.41 64.00 70.41 NOTE
r-devel-linux-x86_64-fedora-clang 0.5-7 110.04 NOTE
r-devel-linux-x86_64-fedora-gcc 0.5-7 107.89 NOTE
r-devel-windows-x86_64 0.5-7 25.00 108.00 133.00 OK
r-patched-linux-x86_64 0.5-7 7.08 81.87 88.95 NOTE
r-release-linux-x86_64 0.5-7 8.09 80.23 88.32 NOTE
r-release-macos-arm64 0.5-7 33.00 OK
r-release-macos-x86_64 0.5-7 44.00 OK
r-release-windows-x86_64 0.5-7 26.00 108.00 134.00 OK
r-oldrel-macos-arm64 0.5-7 34.00 OK
r-oldrel-macos-x86_64 0.5-7 56.00 OK
r-oldrel-windows-ix86+x86_64 0.5-7 22.00 143.00 165.00 OK

Check Details

Version: 0.5-7
Check: package dependencies
Result: NOTE
    Package suggested but not available for checking: 'spgrass6'
Flavors: r-devel-linux-x86_64-debian-clang, r-devel-linux-x86_64-debian-gcc, r-devel-linux-x86_64-fedora-clang, r-devel-linux-x86_64-fedora-gcc, r-patched-linux-x86_64, r-release-linux-x86_64