CRAN Package Check Results for Package seer

Last updated on 2022-01-20 06:49:32 CET.

Flavor Version Tinstall Tcheck Ttotal Status Flags
r-devel-linux-x86_64-debian-clang 1.1.7 OK
r-devel-linux-x86_64-debian-gcc 1.1.7 7.99 86.92 94.91 OK
r-devel-linux-x86_64-fedora-clang 1.1.7 149.92 NOTE
r-devel-linux-x86_64-fedora-gcc 1.1.7 140.63 NOTE
r-devel-windows-x86_64-new-UL 1.1.7 36.00 136.00 172.00 OK
r-devel-windows-x86_64-new-TK 1.1.7 NOTE
r-patched-linux-x86_64 1.1.7 8.71 112.01 120.72 OK
r-release-linux-x86_64 1.1.7 OK
r-release-macos-arm64 1.1.7 NOTE
r-release-macos-x86_64 1.1.7 NOTE
r-release-windows-ix86+x86_64 1.1.7 21.00 137.00 158.00 OK
r-oldrel-macos-x86_64 1.1.7 NOTE
r-oldrel-windows-ix86+x86_64 1.1.7 21.00 144.00 165.00 OK

Check Details

Version: 1.1.7
Check: dependencies in R code
Result: NOTE
    Namespace in Imports field not imported from: ‘MASS’
     All declared Imports should be used.
Flavors: r-devel-linux-x86_64-fedora-clang, r-devel-linux-x86_64-fedora-gcc, r-devel-windows-x86_64-new-TK, r-release-macos-arm64, r-release-macos-x86_64, r-oldrel-macos-x86_64