CRAN Package Check Results for Package seedreg

Last updated on 2022-01-25 07:50:20 CET.

Flavor Version Tinstall Tcheck Ttotal Status Flags
r-devel-linux-x86_64-debian-clang 1.0.2 11.16 113.71 124.87 OK
r-devel-linux-x86_64-debian-gcc 1.0.2 11.06 89.42 100.48 OK
r-devel-linux-x86_64-fedora-clang 1.0.2 152.86 OK
r-devel-linux-x86_64-fedora-gcc 1.0.2 144.63 OK
r-devel-windows-x86_64-new-UL 1.0.2 33.00 134.00 167.00 OK
r-devel-windows-x86_64-new-TK 1.0.2 ERROR
r-patched-linux-x86_64 1.0.2 10.35 107.38 117.73 OK
r-release-linux-x86_64 1.0.2 12.26 105.60 117.86 OK
r-release-macos-arm64 1.0.2 OK
r-release-macos-x86_64 1.0.2 OK
r-release-windows-ix86+x86_64 1.0.2 29.00 126.00 155.00 OK
r-oldrel-macos-x86_64 1.0.2 OK
r-oldrel-windows-ix86+x86_64 1.0.2 28.00 131.00 159.00 OK

Check Details

Version: 1.0.2
Check: package dependencies
Result: ERROR
    Packages required but not available: 'drc', 'car'
    
    See section 'The DESCRIPTION file' in the 'Writing R Extensions'
    manual.
Flavor: r-devel-windows-x86_64-new-TK