Last updated on 2022-05-25 07:50:31 CEST.
Flavor | Version | Tinstall | Tcheck | Ttotal | Status | Flags |
---|---|---|---|---|---|---|
r-devel-linux-x86_64-debian-clang | 0.1.0 | 5.74 | 62.79 | 68.53 | NOTE | |
r-devel-linux-x86_64-debian-gcc | 0.1.0 | 4.07 | 46.06 | 50.13 | NOTE | |
r-devel-linux-x86_64-fedora-clang | 0.1.0 | 78.00 | NOTE | |||
r-devel-linux-x86_64-fedora-gcc | 0.1.0 | 66.86 | NOTE | |||
r-devel-windows-x86_64 | 0.1.0 | 12.00 | 76.00 | 88.00 | NOTE | |
r-patched-linux-x86_64 | 0.1.0 | 3.96 | 57.66 | 61.62 | NOTE | |
r-release-linux-x86_64 | 0.1.0 | NOTE | ||||
r-release-macos-arm64 | 0.1.0 | 24.00 | NOTE | |||
r-release-macos-x86_64 | 0.1.0 | 41.00 | NOTE | |||
r-release-windows-x86_64 | 0.1.0 | 14.00 | 77.00 | 91.00 | NOTE | |
r-oldrel-macos-arm64 | 0.1.0 | 30.00 | NOTE | |||
r-oldrel-macos-x86_64 | 0.1.0 | 36.00 | NOTE | |||
r-oldrel-windows-ix86+x86_64 | 0.1.0 | 15.00 | 70.00 | 85.00 | NOTE |
Version: 0.1.0
Check: LazyData
Result: NOTE
'LazyData' is specified without a 'data' directory
Flavors: r-devel-linux-x86_64-debian-clang, r-devel-linux-x86_64-debian-gcc, r-devel-linux-x86_64-fedora-clang, r-devel-linux-x86_64-fedora-gcc, r-devel-windows-x86_64, r-patched-linux-x86_64, r-release-linux-x86_64, r-release-macos-arm64, r-release-macos-x86_64, r-release-windows-x86_64, r-oldrel-macos-arm64, r-oldrel-macos-x86_64, r-oldrel-windows-ix86+x86_64
Version: 0.1.0
Check: dependencies in R code
Result: NOTE
Namespace in Imports field not imported from: ‘testthat’
All declared Imports should be used.
Flavors: r-devel-linux-x86_64-fedora-clang, r-devel-linux-x86_64-fedora-gcc, r-release-macos-arm64, r-release-macos-x86_64, r-oldrel-macos-arm64, r-oldrel-macos-x86_64