CRAN Package Check Results for Package sdetorus

Last updated on 2022-08-08 07:51:10 CEST.

Flavor Version Tinstall Tcheck Ttotal Status Flags
r-devel-linux-x86_64-debian-clang 0.1.8 157.15 69.52 226.67 OK
r-devel-linux-x86_64-debian-gcc 0.1.8 127.36 50.36 177.72 OK
r-devel-linux-x86_64-fedora-clang 0.1.8 348.00 NOTE
r-devel-linux-x86_64-fedora-gcc 0.1.8 326.17 OK
r-devel-windows-x86_64 0.1.8 144.00 118.00 262.00 OK
r-patched-linux-x86_64 0.1.8 137.22 60.71 197.93 OK
r-release-linux-x86_64 0.1.8 OK
r-release-macos-arm64 0.1.8 72.00 NOTE
r-release-macos-x86_64 0.1.8 94.00 NOTE
r-release-windows-x86_64 0.1.8 145.00 120.00 265.00 OK
r-oldrel-macos-arm64 0.1.8 82.00 NOTE
r-oldrel-macos-x86_64 0.1.8 98.00 NOTE
r-oldrel-windows-ix86+x86_64 0.1.8 375.00 136.00 511.00 OK

Check Details

Version: 0.1.8
Check: installed package size
Result: NOTE
     installed size is 8.2Mb
     sub-directories of 1Mb or more:
     libs 7.3Mb
Flavors: r-devel-linux-x86_64-fedora-clang, r-release-macos-arm64, r-release-macos-x86_64, r-oldrel-macos-arm64, r-oldrel-macos-x86_64