CRAN Package Check Results for Package sdcMicro

Last updated on 2022-01-18 06:53:00 CET.

Flavor Version Tinstall Tcheck Ttotal Status Flags
r-devel-linux-x86_64-debian-clang 5.6.1 76.08 240.57 316.65 OK
r-devel-linux-x86_64-debian-gcc 5.6.1 56.47 161.75 218.22 OK
r-devel-linux-x86_64-fedora-clang 5.6.1 369.90 OK
r-devel-linux-x86_64-fedora-gcc 5.6.1 327.09 OK
r-devel-windows-x86_64-new-UL 5.6.1 293.00 294.00 587.00 OK
r-devel-windows-x86_64-new-TK 5.6.1 ERROR
r-patched-linux-x86_64 5.6.1 63.97 199.31 263.28 OK
r-release-linux-x86_64 5.6.1 OK
r-release-macos-arm64 5.6.1 NOTE
r-release-macos-x86_64 5.6.1 OK
r-release-windows-ix86+x86_64 5.6.1 165.00 346.00 511.00 NOTE
r-oldrel-macos-x86_64 5.6.1 OK
r-oldrel-windows-ix86+x86_64 5.6.1 163.00 337.00 500.00 NOTE

Check Details

Version: 5.6.1
Check: package dependencies
Result: ERROR
    Packages required but not available: 'car', 'VIM'
    
    See section 'The DESCRIPTION file' in the 'Writing R Extensions'
    manual.
Flavor: r-devel-windows-x86_64-new-TK

Version: 5.6.1
Check: installed package size
Result: NOTE
     installed size is 5.2Mb
     sub-directories of 1Mb or more:
     libs 2.2Mb
Flavors: r-release-macos-arm64, r-release-windows-ix86+x86_64, r-oldrel-windows-ix86+x86_64