Last updated on 2022-08-19 06:52:35 CEST.
Flavor | Version | Tinstall | Tcheck | Ttotal | Status | Flags |
---|---|---|---|---|---|---|
r-devel-linux-x86_64-debian-clang | 1.0-0 | 11.33 | 101.38 | 112.71 | NOTE | |
r-devel-linux-x86_64-debian-gcc | 1.0-0 | 8.63 | 75.98 | 84.61 | NOTE | |
r-devel-linux-x86_64-fedora-clang | 1.0-0 | 149.36 | NOTE | |||
r-devel-linux-x86_64-fedora-gcc | 1.0-0 | 150.20 | NOTE | |||
r-devel-windows-x86_64 | 1.0-0 | 24.00 | 125.00 | 149.00 | NOTE | |
r-patched-linux-x86_64 | 1.0-0 | 11.26 | 95.54 | 106.80 | NOTE | |
r-release-linux-x86_64 | 1.0-0 | NOTE | ||||
r-release-macos-arm64 | 1.0-0 | 36.00 | NOTE | |||
r-release-macos-x86_64 | 1.0-0 | 57.00 | NOTE | |||
r-release-windows-x86_64 | 1.0-0 | 33.00 | 125.00 | 158.00 | NOTE | |
r-oldrel-macos-arm64 | 1.0-0 | 42.00 | NOTE | |||
r-oldrel-macos-x86_64 | 1.0-0 | 65.00 | NOTE | |||
r-oldrel-windows-ix86+x86_64 | 1.0-0 | 23.00 | 119.00 | 142.00 | NOTE |
Version: 1.0-0
Check: LazyData
Result: NOTE
'LazyData' is specified without a 'data' directory
Flavors: r-devel-linux-x86_64-debian-clang, r-devel-linux-x86_64-debian-gcc, r-devel-linux-x86_64-fedora-clang, r-devel-linux-x86_64-fedora-gcc, r-devel-windows-x86_64, r-patched-linux-x86_64, r-release-linux-x86_64, r-release-macos-arm64, r-release-macos-x86_64, r-release-windows-x86_64, r-oldrel-macos-arm64, r-oldrel-macos-x86_64, r-oldrel-windows-ix86+x86_64