CRAN Package Check Results for Package sctransform

Last updated on 2022-07-03 07:52:05 CEST.

Flavor Version Tinstall Tcheck Ttotal Status Flags
r-devel-linux-x86_64-debian-clang 0.3.3 46.88 126.37 173.25 WARN
r-devel-linux-x86_64-debian-gcc 0.3.3 40.96 94.79 135.75 NOTE
r-devel-linux-x86_64-fedora-clang 0.3.3 233.58 WARN
r-devel-linux-x86_64-fedora-gcc 0.3.3 225.94 NOTE
r-devel-windows-x86_64 0.3.3 70.00 181.00 251.00 OK
r-patched-linux-x86_64 0.3.3 40.84 119.79 160.63 NOTE
r-release-linux-x86_64 0.3.3 36.49 117.05 153.54 NOTE
r-release-macos-arm64 0.3.3 59.00 NOTE
r-release-macos-x86_64 0.3.3 104.00 NOTE
r-release-windows-x86_64 0.3.3 71.00 177.00 248.00 OK
r-oldrel-macos-arm64 0.3.3 56.00 NOTE
r-oldrel-macos-x86_64 0.3.3 78.00 NOTE
r-oldrel-windows-ix86+x86_64 0.3.3 117.00 207.00 324.00 OK

Additional issues

clang14

Check Details

Version: 0.3.3
Check: package dependencies
Result: NOTE
    Package which this enhances but not available for checking: 'glmGamPoi'
Flavors: r-devel-linux-x86_64-debian-clang, r-devel-linux-x86_64-debian-gcc, r-devel-linux-x86_64-fedora-clang, r-devel-linux-x86_64-fedora-gcc, r-patched-linux-x86_64, r-release-linux-x86_64, r-release-macos-arm64, r-release-macos-x86_64, r-oldrel-macos-arm64, r-oldrel-macos-x86_64

Version: 0.3.3
Check: whether package can be installed
Result: WARN
    Found the following significant warnings:
     utils.cpp:364:35: warning: use of bitwise '|' with boolean operands [-Wbitwise-instead-of-logical]
Flavors: r-devel-linux-x86_64-debian-clang, r-devel-linux-x86_64-fedora-clang