CRAN Package Check Results for Package scrappy

Last updated on 2022-08-19 06:52:35 CEST.

Flavor Version Tinstall Tcheck Ttotal Status Flags
r-devel-linux-x86_64-debian-clang 0.0.1 2.00 20.61 22.61 NOTE
r-devel-linux-x86_64-debian-gcc 0.0.1 1.49 16.48 17.97 NOTE
r-devel-linux-x86_64-fedora-clang 0.0.1 39.32 NOTE
r-devel-linux-x86_64-fedora-gcc 0.0.1 40.47 NOTE
r-devel-windows-x86_64 0.0.1 6.00 46.00 52.00 NOTE
r-patched-linux-x86_64 0.0.1 2.10 21.29 23.39 NOTE
r-release-linux-x86_64 0.0.1 NOTE
r-release-macos-arm64 0.0.1 14.00 NOTE
r-release-macos-x86_64 0.0.1 21.00 NOTE
r-release-windows-x86_64 0.0.1 10.00 54.00 64.00 NOTE
r-oldrel-macos-arm64 0.0.1 17.00 NOTE
r-oldrel-macos-x86_64 0.0.1 23.00 NOTE
r-oldrel-windows-ix86+x86_64 0.0.1 5.00 45.00 50.00 NOTE

Check Details

Version: 0.0.1
Check: LazyData
Result: NOTE
     'LazyData' is specified without a 'data' directory
Flavors: r-devel-linux-x86_64-debian-clang, r-devel-linux-x86_64-debian-gcc, r-devel-linux-x86_64-fedora-clang, r-devel-linux-x86_64-fedora-gcc, r-devel-windows-x86_64, r-patched-linux-x86_64, r-release-linux-x86_64, r-release-macos-arm64, r-release-macos-x86_64, r-release-windows-x86_64, r-oldrel-macos-arm64, r-oldrel-macos-x86_64, r-oldrel-windows-ix86+x86_64