CRAN Package Check Results for Package schrute

Last updated on 2022-08-15 07:50:26 CEST.

Flavor Version Tinstall Tcheck Ttotal Status Flags
r-devel-linux-x86_64-debian-clang 0.2.2 4.80 36.19 40.99 OK
r-devel-linux-x86_64-debian-gcc 0.2.2 3.41 28.61 32.02 OK
r-devel-linux-x86_64-fedora-clang 0.2.2 61.06 NOTE
r-devel-linux-x86_64-fedora-gcc 0.2.2 61.57 NOTE
r-devel-windows-x86_64 0.2.2 13.00 65.00 78.00 OK
r-patched-linux-x86_64 0.2.2 4.23 34.07 38.30 OK
r-release-linux-x86_64 0.2.2 2.91 34.97 37.88 OK
r-release-macos-arm64 0.2.2 22.00 NOTE
r-release-macos-x86_64 0.2.2 39.00 NOTE
r-release-windows-x86_64 0.2.2 8.00 63.00 71.00 OK
r-oldrel-macos-arm64 0.2.2 32.00 NOTE
r-oldrel-macos-x86_64 0.2.2 37.00 NOTE
r-oldrel-windows-ix86+x86_64 0.2.2 10.00 56.00 66.00 OK

Check Details

Version: 0.2.2
Check: dependencies in R code
Result: NOTE
    Namespaces in Imports field not imported from:
     ‘dplyr’ ‘ggplot2’ ‘stringi’ ‘stringr’ ‘tibble’ ‘tidyr’ ‘tidytext’
     All declared Imports should be used.
Flavors: r-devel-linux-x86_64-fedora-clang, r-devel-linux-x86_64-fedora-gcc, r-release-macos-arm64, r-release-macos-x86_64, r-oldrel-macos-arm64, r-oldrel-macos-x86_64

Version: 0.2.2
Check: data for non-ASCII characters
Result: NOTE
     Note: found 464 marked UTF-8 strings
Flavors: r-devel-linux-x86_64-fedora-clang, r-devel-linux-x86_64-fedora-gcc, r-release-macos-arm64, r-release-macos-x86_64, r-oldrel-macos-arm64, r-oldrel-macos-x86_64