CRAN Package Check Results for Package sazedR

Last updated on 2022-05-19 07:50:20 CEST.

Flavor Version Tinstall Tcheck Ttotal Status Flags
r-devel-linux-x86_64-debian-clang 2.0.2 5.55 60.65 66.20 NOTE
r-devel-linux-x86_64-debian-gcc 2.0.2 4.19 45.09 49.28 NOTE
r-devel-linux-x86_64-fedora-clang 2.0.2 80.15 NOTE
r-devel-linux-x86_64-fedora-gcc 2.0.2 75.94 NOTE
r-devel-windows-x86_64 2.0.2 12.00 77.00 89.00 NOTE
r-patched-linux-x86_64 2.0.2 5.70 56.67 62.37 NOTE
r-release-linux-x86_64 2.0.2 5.31 56.20 61.51 NOTE
r-release-macos-arm64 2.0.2 24.00 NOTE
r-release-macos-x86_64 2.0.2 47.00 NOTE
r-release-windows-x86_64 2.0.2 16.00 79.00 95.00 NOTE
r-oldrel-macos-arm64 2.0.2 28.00 NOTE
r-oldrel-macos-x86_64 2.0.2 33.00 NOTE
r-oldrel-windows-ix86+x86_64 2.0.2 13.00 67.00 80.00 NOTE

Check Details

Version: 2.0.2
Check: LazyData
Result: NOTE
     'LazyData' is specified without a 'data' directory
Flavors: r-devel-linux-x86_64-debian-clang, r-devel-linux-x86_64-debian-gcc, r-devel-linux-x86_64-fedora-clang, r-devel-linux-x86_64-fedora-gcc, r-devel-windows-x86_64, r-patched-linux-x86_64, r-release-linux-x86_64, r-release-macos-arm64, r-release-macos-x86_64, r-release-windows-x86_64, r-oldrel-macos-arm64, r-oldrel-macos-x86_64, r-oldrel-windows-ix86+x86_64