CRAN Package Check Results for Package sapfluxnetr

Last updated on 2022-01-18 06:53:00 CET.

Flavor Version Tinstall Tcheck Ttotal Status Flags
r-devel-linux-x86_64-debian-clang 0.1.3 11.31 213.11 224.42 OK
r-devel-linux-x86_64-debian-gcc 0.1.3 9.16 158.34 167.50 OK
r-devel-linux-x86_64-fedora-clang 0.1.3 269.21 NOTE
r-devel-linux-x86_64-fedora-gcc 0.1.3 253.05 NOTE
r-devel-windows-x86_64-new-UL 0.1.3 264.00 261.00 525.00 OK
r-devel-windows-x86_64-new-TK 0.1.3 NOTE
r-patched-linux-x86_64 0.1.3 15.58 208.40 223.98 OK
r-release-linux-x86_64 0.1.3 OK
r-release-macos-arm64 0.1.3 NOTE
r-release-macos-x86_64 0.1.3 NOTE
r-release-windows-ix86+x86_64 0.1.3 22.00 255.00 277.00 OK
r-oldrel-macos-x86_64 0.1.3 NOTE
r-oldrel-windows-ix86+x86_64 0.1.3 22.00 297.00 319.00 OK

Check Details

Version: 0.1.3
Check: data for non-ASCII characters
Result: NOTE
     Note: found 4 marked UTF-8 strings
Flavors: r-devel-linux-x86_64-fedora-clang, r-devel-linux-x86_64-fedora-gcc, r-devel-windows-x86_64-new-TK, r-release-macos-arm64, r-release-macos-x86_64, r-oldrel-macos-x86_64